CRAN Package Check Results for Package edeaR

Last updated on 2021-10-18 00:48:11 CEST.

Flavor Version Tinstall Tcheck Ttotal Status Flags
r-devel-linux-x86_64-debian-clang 0.8.6 18.39 111.32 129.71 NOTE
r-devel-linux-x86_64-debian-gcc 0.8.6 13.82 82.45 96.27 NOTE
r-devel-linux-x86_64-fedora-clang 0.8.6 160.60 NOTE
r-devel-linux-x86_64-fedora-gcc 0.8.6 148.39 NOTE
r-devel-windows-x86_64 0.8.6 26.00 132.00 158.00 NOTE
r-devel-windows-x86_64-gcc10-UCRT 0.8.6 NOTE
r-patched-linux-x86_64 0.8.6 16.20 107.61 123.81 NOTE
r-patched-solaris-x86 0.8.6 176.10 NOTE
r-release-linux-x86_64 0.8.6 13.08 106.88 119.96 NOTE
r-release-macos-arm64 0.8.6 NOTE
r-release-macos-x86_64 0.8.6 NOTE
r-release-windows-ix86+x86_64 0.8.6 34.00 141.00 175.00 NOTE
r-oldrel-macos-x86_64 0.8.6 OK
r-oldrel-windows-ix86+x86_64 0.8.6 33.00 143.00 176.00 OK

Check Details

Version: 0.8.6
Check: LazyData
Result: NOTE
     'LazyData' is specified without a 'data' directory
Flavors: r-devel-linux-x86_64-debian-clang, r-devel-linux-x86_64-debian-gcc, r-devel-linux-x86_64-fedora-clang, r-devel-linux-x86_64-fedora-gcc, r-devel-windows-x86_64, r-devel-windows-x86_64-gcc10-UCRT, r-patched-linux-x86_64, r-patched-solaris-x86, r-release-linux-x86_64, r-release-macos-arm64, r-release-macos-x86_64, r-release-windows-ix86+x86_64

Version: 0.8.6
Check: Rd cross-references
Result: NOTE
    Undeclared package ‘magrittr’ in Rd xrefs
Flavor: r-devel-linux-x86_64-fedora-clang