CRAN Package Check Results for Package edina

Last updated on 2021-10-25 00:49:09 CEST.

Flavor Version Tinstall Tcheck Ttotal Status Flags
r-devel-linux-x86_64-debian-clang 0.1.1 36.92 52.90 89.82 NOTE
r-devel-linux-x86_64-debian-gcc 0.1.1 28.11 39.45 67.56 NOTE
r-devel-linux-x86_64-fedora-clang 0.1.1 137.13 NOTE
r-devel-linux-x86_64-fedora-gcc 0.1.1 117.76 NOTE
r-devel-windows-x86_64 0.1.1 53.00 84.00 137.00 NOTE
r-devel-windows-x86_64-gcc10-UCRT 0.1.1 NOTE
r-patched-linux-x86_64 0.1.1 35.91 49.17 85.08 NOTE
r-patched-solaris-x86 0.1.1 139.10 NOTE
r-release-linux-x86_64 0.1.1 32.98 49.32 82.30 NOTE
r-release-macos-arm64 0.1.1 NOTE
r-release-macos-x86_64 0.1.1 NOTE
r-release-windows-ix86+x86_64 0.1.1 77.00 110.00 187.00 NOTE
r-oldrel-macos-x86_64 0.1.1 OK
r-oldrel-windows-ix86+x86_64 0.1.1 100.00 118.00 218.00 OK

Check Details

Version: 0.1.1
Check: LazyData
Result: NOTE
     'LazyData' is specified without a 'data' directory
Flavors: r-devel-linux-x86_64-debian-clang, r-devel-linux-x86_64-debian-gcc, r-devel-linux-x86_64-fedora-clang, r-devel-linux-x86_64-fedora-gcc, r-devel-windows-x86_64, r-devel-windows-x86_64-gcc10-UCRT, r-patched-linux-x86_64, r-patched-solaris-x86, r-release-linux-x86_64, r-release-macos-arm64, r-release-macos-x86_64, r-release-windows-ix86+x86_64