CRAN Package Check Results for Package eegkitdata

Last updated on 2021-10-17 00:48:35 CEST.

Flavor Version Tinstall Tcheck Ttotal Status Flags
r-devel-linux-x86_64-debian-clang 1.0 1.95 21.82 23.77 NOTE
r-devel-linux-x86_64-debian-gcc 1.0 1.53 17.34 18.87 NOTE
r-devel-linux-x86_64-fedora-clang 1.0 39.78 NOTE
r-devel-linux-x86_64-fedora-gcc 1.0 29.12 NOTE
r-devel-windows-x86_64 1.0 4.00 28.00 32.00 NOTE
r-devel-windows-x86_64-gcc10-UCRT 1.0 NOTE
r-patched-linux-x86_64 1.0 1.83 21.29 23.12 NOTE
r-patched-solaris-x86 1.0 46.60 NOTE
r-release-linux-x86_64 1.0 1.83 21.40 23.23 NOTE
r-release-macos-arm64 1.0 NOTE
r-release-macos-x86_64 1.0 NOTE
r-release-windows-ix86+x86_64 1.0 5.00 28.00 33.00 NOTE
r-oldrel-macos-x86_64 1.0 NOTE
r-oldrel-windows-ix86+x86_64 1.0 5.00 25.00 30.00 NOTE

Check Details

Version: 1.0
Check: R code for possible problems
Result: NOTE
    geteegdata: no visible global function definition for 'untar'
    geteegdata: no visible global function definition for 'read.table'
    geteegdata: no visible global function definition for 'write.csv'
    geteegdata: no visible global function definition for 'write.table'
    Undefined global functions or variables:
     read.table untar write.csv write.table
    Consider adding
     importFrom("utils", "read.table", "untar", "write.csv", "write.table")
    to your NAMESPACE file.
Flavors: r-devel-linux-x86_64-debian-clang, r-devel-linux-x86_64-debian-gcc, r-devel-linux-x86_64-fedora-clang, r-devel-linux-x86_64-fedora-gcc, r-devel-windows-x86_64, r-devel-windows-x86_64-gcc10-UCRT, r-patched-linux-x86_64, r-patched-solaris-x86, r-release-linux-x86_64, r-release-macos-arm64, r-release-macos-x86_64, r-release-windows-ix86+x86_64, r-oldrel-macos-x86_64, r-oldrel-windows-ix86+x86_64