CRAN Package Check Results for Package ellipticalsymmetry

Last updated on 2024-05-29 00:54:23 CEST.

Flavor Version Tinstall Tcheck Ttotal Status Flags
r-devel-linux-x86_64-debian-clang 0.1.2 3.41 37.13 40.54 OK
r-devel-linux-x86_64-debian-gcc 0.1.2 3.08 27.34 30.42 OK
r-devel-linux-x86_64-fedora-clang 0.1.2 51.66 NOTE
r-devel-linux-x86_64-fedora-gcc 0.1.2 48.49 NOTE
r-devel-windows-x86_64 0.1.2 5.00 50.00 55.00 OK
r-patched-linux-x86_64 0.1.2 4.81 34.89 39.70 OK
r-release-linux-x86_64 0.1.2 4.41 35.14 39.55 OK
r-release-macos-arm64 0.1.2 22.00 OK
r-release-windows-x86_64 0.1.2 5.00 51.00 56.00 OK
r-oldrel-macos-arm64 0.1.2 22.00 OK
r-oldrel-macos-x86_64 0.1.2 29.00 OK
r-oldrel-windows-x86_64 0.1.2 5.00 54.00 59.00 OK

Check Details

Version: 0.1.2
Check: dependencies in R code
Result: NOTE Namespace in Imports field not imported from: ‘datasets’ All declared Imports should be used. Flavors: r-devel-linux-x86_64-fedora-clang, r-devel-linux-x86_64-fedora-gcc