CRAN Package Check Results for Package elo

Last updated on 2024-06-20 00:59:31 CEST.

Flavor Version Tinstall Tcheck Ttotal Status Flags
r-devel-linux-x86_64-debian-clang 3.0.2 69.99 60.53 130.52 NOTE
r-devel-linux-x86_64-debian-gcc 3.0.2 44.18 45.01 89.19 NOTE
r-devel-linux-x86_64-fedora-clang 3.0.2 182.41 NOTE
r-devel-linux-x86_64-fedora-gcc 3.0.2 192.87 NOTE
r-devel-windows-x86_64 3.0.2 53.00 87.00 140.00 NOTE
r-patched-linux-x86_64 3.0.2 53.24 57.02 110.26 NOTE
r-release-linux-x86_64 3.0.2 50.49 56.97 107.46 NOTE
r-release-macos-arm64 3.0.2 45.00 NOTE
r-release-macos-x86_64 3.0.2 59.00 NOTE
r-release-windows-x86_64 3.0.2 51.00 88.00 139.00 NOTE
r-oldrel-macos-arm64 3.0.2 50.00 OK
r-oldrel-macos-x86_64 3.0.2 99.00 OK
r-oldrel-windows-x86_64 3.0.2 64.00 95.00 159.00 OK

Check Details

Version: 3.0.2
Check: Rd files
Result: NOTE checkRd: (-1) elo.run.Rd:80: Lost braces 80 | \code{\link{score}}, \link{elo.run.helpers}{elo.run helpers}, \code{\link{elo.calc}}, | ^ Flavors: r-devel-linux-x86_64-debian-clang, r-devel-linux-x86_64-debian-gcc, r-devel-linux-x86_64-fedora-clang, r-devel-linux-x86_64-fedora-gcc, r-devel-windows-x86_64, r-patched-linux-x86_64, r-release-linux-x86_64, r-release-macos-arm64, r-release-macos-x86_64, r-release-windows-x86_64