CRAN Package Check Results for Package elo

Last updated on 2025-01-21 00:48:26 CET.

Flavor Version Tinstall Tcheck Ttotal Status Flags
r-devel-linux-x86_64-debian-clang 3.0.2 30.72 47.58 78.30 NOTE
r-devel-linux-x86_64-debian-gcc 3.0.2 22.36 34.46 56.82 NOTE
r-devel-linux-x86_64-fedora-clang 3.0.2 146.10 NOTE
r-devel-linux-x86_64-fedora-gcc 3.0.2 161.40 NOTE
r-devel-windows-x86_64 3.0.2 35.00 89.00 124.00 NOTE
r-patched-linux-x86_64 3.0.2 33.11 44.78 77.89 NOTE
r-release-linux-x86_64 3.0.2 32.44 44.92 77.36 NOTE
r-release-macos-arm64 3.0.2 45.00 NOTE
r-release-macos-x86_64 3.0.2 59.00 NOTE
r-release-windows-x86_64 3.0.2 34.00 86.00 120.00 NOTE
r-oldrel-macos-arm64 3.0.2 50.00 OK
r-oldrel-macos-x86_64 3.0.2 99.00 OK
r-oldrel-windows-x86_64 3.0.2 38.00 96.00 134.00 OK

Check Details

Version: 3.0.2
Check: Rd files
Result: NOTE checkRd: (-1) elo.run.Rd:80: Lost braces 80 | \code{\link{score}}, \link{elo.run.helpers}{elo.run helpers}, \code{\link{elo.calc}}, | ^ Flavors: r-devel-linux-x86_64-debian-clang, r-devel-linux-x86_64-debian-gcc, r-devel-linux-x86_64-fedora-clang, r-devel-linux-x86_64-fedora-gcc, r-devel-windows-x86_64, r-patched-linux-x86_64, r-release-linux-x86_64, r-release-macos-arm64, r-release-macos-x86_64, r-release-windows-x86_64