CRAN Package Check Results for Package emld

Last updated on 2021-10-23 00:48:52 CEST.

Flavor Version Tinstall Tcheck Ttotal Status Flags
r-devel-linux-x86_64-debian-clang 0.5.1 4.32 79.08 83.40 NOTE
r-devel-linux-x86_64-debian-gcc 0.5.1 3.86 58.84 62.70 NOTE
r-devel-linux-x86_64-fedora-clang 0.5.1 108.06 NOTE
r-devel-linux-x86_64-fedora-gcc 0.5.1 98.30 NOTE
r-devel-windows-x86_64 0.5.1 11.00 134.00 145.00 NOTE
r-devel-windows-x86_64-gcc10-UCRT 0.5.1 NOTE
r-patched-linux-x86_64 0.5.1 4.78 75.23 80.01 NOTE
r-patched-solaris-x86 0.5.1 142.40 NOTE
r-release-linux-x86_64 0.5.1 5.17 74.35 79.52 NOTE
r-release-macos-arm64 0.5.1 NOTE
r-release-macos-x86_64 0.5.1 NOTE
r-release-windows-ix86+x86_64 0.5.1 11.00 133.00 144.00 NOTE
r-oldrel-macos-x86_64 0.5.1 OK
r-oldrel-windows-ix86+x86_64 0.5.1 15.00 140.00 155.00 OK

Check Details

Version: 0.5.1
Check: LazyData
Result: NOTE
     'LazyData' is specified without a 'data' directory
Flavors: r-devel-linux-x86_64-debian-clang, r-devel-linux-x86_64-debian-gcc, r-devel-linux-x86_64-fedora-clang, r-devel-linux-x86_64-fedora-gcc, r-devel-windows-x86_64, r-devel-windows-x86_64-gcc10-UCRT, r-patched-linux-x86_64, r-patched-solaris-x86, r-release-linux-x86_64, r-release-macos-arm64, r-release-macos-x86_64, r-release-windows-ix86+x86_64

Version: 0.5.1
Check: installed package size
Result: NOTE
     installed size is 5.3Mb
     sub-directories of 1Mb or more:
     xsd 4.1Mb
Flavor: r-patched-solaris-x86