CRAN Package Check Results for Package ems

Last updated on 2021-10-28 00:48:43 CEST.

Flavor Version Tinstall Tcheck Ttotal Status Flags
r-devel-linux-x86_64-debian-clang 1.3.10 17.69 140.53 158.22 OK
r-devel-linux-x86_64-debian-gcc 1.3.10 15.99 104.19 120.18 OK
r-devel-linux-x86_64-fedora-clang 1.3.10 199.93 NOTE
r-devel-linux-x86_64-fedora-gcc 1.3.10 187.20 NOTE
r-devel-windows-x86_64 1.3.10 27.00 163.00 190.00 OK
r-devel-windows-x86_64-gcc10-UCRT 1.3.10 NOTE
r-patched-linux-x86_64 1.3.10 18.05 132.90 150.95 OK
r-patched-solaris-x86 1.3.10 260.60 NOTE
r-release-linux-x86_64 1.3.10 17.28 132.25 149.53 OK
r-release-macos-arm64 1.3.10 NOTE
r-release-macos-x86_64 1.3.10 NOTE
r-release-windows-ix86+x86_64 1.3.10 27.00 158.00 185.00 OK
r-oldrel-macos-x86_64 1.3.10 NOTE
r-oldrel-windows-ix86+x86_64 1.3.10 28.00 157.00 185.00 OK

Check Details

Version: 1.3.10
Check: data for non-ASCII characters
Result: NOTE
     Note: found 23639 marked Latin-1 strings
Flavors: r-devel-linux-x86_64-fedora-clang, r-devel-linux-x86_64-fedora-gcc, r-devel-windows-x86_64-gcc10-UCRT, r-patched-solaris-x86, r-release-macos-arm64, r-release-macos-x86_64, r-oldrel-macos-x86_64