CRAN Package Check Results for Package encryptedRmd

Last updated on 2021-10-25 00:49:10 CEST.

Flavor Version Tinstall Tcheck Ttotal Status Flags
r-devel-linux-x86_64-debian-clang 0.2.1 1.70 20.53 22.23 NOTE
r-devel-linux-x86_64-debian-gcc 0.2.1 1.62 16.43 18.05 NOTE
r-devel-linux-x86_64-fedora-clang 0.2.1 38.50 NOTE
r-devel-linux-x86_64-fedora-gcc 0.2.1 27.44 NOTE
r-devel-windows-x86_64 0.2.1 6.00 40.00 46.00 NOTE
r-devel-windows-x86_64-gcc10-UCRT 0.2.1 NOTE
r-patched-linux-x86_64 0.2.1 2.16 20.16 22.32 NOTE
r-patched-solaris-x86 0.2.1 44.50 NOTE
r-release-linux-x86_64 0.2.1 1.99 19.83 21.82 NOTE
r-release-macos-arm64 0.2.1 NOTE
r-release-macos-x86_64 0.2.1 NOTE
r-release-windows-ix86+x86_64 0.2.1 4.00 38.00 42.00 NOTE
r-oldrel-macos-x86_64 0.2.1 OK
r-oldrel-windows-ix86+x86_64 0.2.1 5.00 41.00 46.00 OK

Check Details

Version: 0.2.1
Check: LazyData
Result: NOTE
     'LazyData' is specified without a 'data' directory
Flavors: r-devel-linux-x86_64-debian-clang, r-devel-linux-x86_64-debian-gcc, r-devel-linux-x86_64-fedora-clang, r-devel-linux-x86_64-fedora-gcc, r-devel-windows-x86_64, r-devel-windows-x86_64-gcc10-UCRT, r-patched-linux-x86_64, r-patched-solaris-x86, r-release-linux-x86_64, r-release-macos-arm64, r-release-macos-x86_64, r-release-windows-ix86+x86_64