CRAN Package Check Results for Package entropart

Last updated on 2021-10-26 00:59:50 CEST.

Flavor Version Tinstall Tcheck Ttotal Status Flags
r-devel-linux-x86_64-debian-clang 1.6-8 12.94 173.98 186.92 OK
r-devel-linux-x86_64-debian-gcc 1.6-8 9.00 131.32 140.32 OK
r-devel-linux-x86_64-fedora-clang 1.6-8 241.96 NOTE
r-devel-linux-x86_64-fedora-gcc 1.6-8 223.80 NOTE
r-devel-windows-x86_64 1.6-8 20.00 225.00 245.00 OK
r-devel-windows-x86_64-gcc10-UCRT 1.6-8 NOTE
r-patched-linux-x86_64 1.6-8 17.35 171.36 188.71 OK
r-patched-solaris-x86 1.6-8 229.20 NOTE
r-release-linux-x86_64 1.6-8 11.53 170.66 182.19 OK
r-release-macos-arm64 1.6-8 NOTE
r-release-macos-x86_64 1.6-8 NOTE
r-release-windows-ix86+x86_64 1.6-8 19.00 217.00 236.00 OK
r-oldrel-macos-x86_64 1.6-8 NOTE
r-oldrel-windows-ix86+x86_64 1.6-8 27.00 228.00 255.00 OK

Check Details

Version: 1.6-8
Check: dependencies in R code
Result: NOTE
    Namespaces in Imports field not imported from:
     ‘SPECIES’ ‘ade4’
     All declared Imports should be used.
Flavors: r-devel-linux-x86_64-fedora-clang, r-devel-linux-x86_64-fedora-gcc, r-devel-windows-x86_64-gcc10-UCRT, r-patched-solaris-x86, r-release-macos-arm64, r-release-macos-x86_64, r-oldrel-macos-x86_64