CRAN Package Check Results for Package epidata

Last updated on 2021-10-27 00:51:03 CEST.

Flavor Version Tinstall Tcheck Ttotal Status Flags
r-devel-linux-x86_64-debian-clang 0.4.0 6.57 54.39 60.96 OK
r-devel-linux-x86_64-debian-gcc 0.4.0 4.51 41.01 45.52 OK
r-devel-linux-x86_64-fedora-clang 0.4.0 83.74 NOTE
r-devel-linux-x86_64-fedora-gcc 0.4.0 69.68 NOTE
r-devel-windows-x86_64 0.4.0 11.00 95.00 106.00 OK
r-devel-windows-x86_64-gcc10-UCRT 0.4.0 NOTE
r-patched-linux-x86_64 0.4.0 5.96 51.44 57.40 OK
r-patched-solaris-x86 0.4.0 101.50 NOTE
r-release-linux-x86_64 0.4.0 4.80 51.73 56.53 OK
r-release-macos-arm64 0.4.0 NOTE
r-release-macos-x86_64 0.4.0 NOTE
r-release-windows-ix86+x86_64 0.4.0 10.00 89.00 99.00 OK
r-oldrel-macos-x86_64 0.4.0 NOTE
r-oldrel-windows-ix86+x86_64 0.4.0 15.00 99.00 114.00 OK

Check Details

Version: 0.4.0
Check: dependencies in R code
Result: NOTE
    Namespace in Imports field not imported from: ‘tinytest’
     All declared Imports should be used.
Flavors: r-devel-linux-x86_64-fedora-clang, r-devel-linux-x86_64-fedora-gcc, r-devel-windows-x86_64-gcc10-UCRT, r-patched-solaris-x86, r-release-macos-arm64, r-release-macos-x86_64, r-oldrel-macos-x86_64