Last updated on 2023-03-30 00:51:52 CEST.
Flavor | Version | Tinstall | Tcheck | Ttotal | Status | Flags |
---|---|---|---|---|---|---|
r-devel-linux-x86_64-debian-clang | 1.1.0 | 18.67 | 191.40 | 210.07 | OK | |
r-devel-linux-x86_64-debian-gcc | 1.1.0 | 15.61 | 141.74 | 157.35 | OK | |
r-devel-linux-x86_64-fedora-clang | 1.1.0 | 257.51 | OK | |||
r-devel-linux-x86_64-fedora-gcc | 1.1.0 | 279.54 | OK | |||
r-devel-windows-x86_64 | 1.1.0 | 32.00 | 218.00 | 250.00 | OK | |
r-patched-linux-x86_64 | 1.1.0 | 21.72 | 179.74 | 201.46 | OK | |
r-release-linux-x86_64 | 1.1.0 | 15.54 | 183.36 | 198.90 | OK | |
r-release-macos-arm64 | 1.1.0 | 72.00 | OK | |||
r-release-macos-x86_64 | 1.1.0 | 121.00 | OK | |||
r-release-windows-x86_64 | 1.1.0 | 38.00 | 227.00 | 265.00 | OK | |
r-oldrel-macos-arm64 | 1.1.0 | 85.00 | OK | |||
r-oldrel-macos-x86_64 | 1.1.0 | 108.00 | OK | |||
r-oldrel-windows-ix86+x86_64 | 1.1.0 | 40.00 | 243.00 | 283.00 | NOTE |
Version: 1.1.0
Check: R code for possible problems
Result: NOTE
Initiating curl with CURL_SSL_BACKEND: openssl
Flavor: r-oldrel-windows-ix86+x86_64