CRAN Package Check Results for Package epitweetr

Last updated on 2023-06-10 00:54:44 CEST.

Flavor Version Tinstall Tcheck Ttotal Status Flags
r-devel-linux-x86_64-debian-clang 2.2.13 20.45 135.04 155.49 NOTE
r-devel-linux-x86_64-debian-gcc 2.2.13 18.12 101.22 119.34 NOTE
r-devel-linux-x86_64-fedora-clang 2.2.13 211.84 NOTE
r-devel-linux-x86_64-fedora-gcc 2.2.13 203.64 NOTE
r-devel-windows-x86_64 2.2.13 19.00 128.00 147.00 OK
r-patched-linux-x86_64 2.2.13 12.76 125.59 138.35 NOTE
r-release-linux-x86_64 2.2.13 13.78 128.83 142.61 NOTE
r-release-macos-arm64 2.2.13 96.00 NOTE
r-release-macos-x86_64 2.2.13 90.00 NOTE
r-release-windows-x86_64 2.2.13 25.00 146.00 171.00 OK
r-oldrel-macos-arm64 2.2.13 86.00 NOTE
r-oldrel-macos-x86_64 2.2.13 108.00 NOTE
r-oldrel-windows-x86_64 2.2.13 25.00 150.00 175.00 OK

Check Details

Version: 2.2.13
Check: package dependencies
Result: NOTE
    Package suggested but not available for checking: ‘taskscheduleR’
Flavors: r-devel-linux-x86_64-debian-clang, r-devel-linux-x86_64-debian-gcc, r-devel-linux-x86_64-fedora-gcc, r-patched-linux-x86_64, r-release-linux-x86_64, r-release-macos-arm64, r-release-macos-x86_64, r-oldrel-macos-arm64, r-oldrel-macos-x86_64

Version: 2.2.13
Check: package dependencies
Result: NOTE
    Package suggested but not available for checking: ‘taskscheduleR’
    
    Imports includes 36 non-default packages.
    Importing from so many packages makes the package vulnerable to any of
    them becoming unavailable. Move as many as possible to Suggests and
    use conditionally.
Flavor: r-devel-linux-x86_64-fedora-clang

Version: 2.2.13
Check: dependencies in R code
Result: NOTE
    Namespaces in Imports field not imported from:
     ‘httpuv’ ‘knitr’ ‘plyr’ ‘rgdal’ ‘tidyverse’ ‘tokenizers’ ‘xml2’
     All declared Imports should be used.
Flavors: r-devel-linux-x86_64-fedora-clang, r-devel-linux-x86_64-fedora-gcc, r-oldrel-macos-arm64, r-oldrel-macos-x86_64