CRAN Package Check Results for Package epoc

Last updated on 2024-02-23 00:59:28 CET.

Flavor Version Tinstall Tcheck Ttotal Status Flags
r-devel-linux-x86_64-debian-clang 0.2.6-1.1 OK
r-devel-linux-x86_64-debian-gcc 0.2.6-1.1 7.24 58.72 65.96 OK
r-devel-linux-x86_64-fedora-clang 0.2.6-1.1 105.04 OK
r-devel-linux-x86_64-fedora-gcc 0.2.6-1.1 105.72 OK
r-devel-windows-x86_64 0.2.6-1.1 8.00 71.00 79.00 OK
r-patched-linux-x86_64 0.2.6-1.1 10.47 77.07 87.54 OK
r-release-linux-x86_64 0.2.6-1.1 9.77 75.06 84.83 OK
r-release-macos-arm64 0.2.6-1.1 35.00 OK
r-release-macos-x86_64 0.2.6-1.1 57.00 NOTE
r-release-windows-x86_64 0.2.6-1.1 10.00 85.00 95.00 OK
r-oldrel-macos-arm64 0.2.6-1.1 35.00 OK
r-oldrel-windows-x86_64 0.2.6-1.1 11.00 89.00 100.00 OK

Check Details

Version: 0.2.6-1.1
Check: package dependencies
Result: NOTE Package suggested but not available for checking: ‘graph’ Flavor: r-release-macos-x86_64