Last updated on 2023-11-29 00:50:16 CET.
Flavor | Version | Tinstall | Tcheck | Ttotal | Status | Flags |
---|---|---|---|---|---|---|
r-devel-linux-x86_64-debian-clang | 1.0.0 | 5.21 | 72.61 | 77.82 | OK | |
r-devel-linux-x86_64-debian-gcc | 1.0.0 | 4.29 | 54.38 | 58.67 | OK | |
r-devel-linux-x86_64-fedora-clang | 1.0.0 | 95.03 | NOTE | |||
r-devel-linux-x86_64-fedora-gcc | 1.0.0 | 103.55 | NOTE | |||
r-devel-windows-x86_64 | 1.0.0 | 7.00 | 84.00 | 91.00 | OK | |
r-patched-linux-x86_64 | 1.0.0 | 6.07 | 69.84 | 75.91 | OK | |
r-release-linux-x86_64 | 1.0.0 | 5.71 | 70.06 | 75.77 | OK | |
r-release-macos-arm64 | 1.0.0 | 41.00 | OK | |||
r-release-macos-x86_64 | 1.0.0 | 131.00 | OK | |||
r-release-windows-x86_64 | 1.0.0 | 8.00 | 92.00 | 100.00 | OK | |
r-oldrel-macos-arm64 | 1.0.0 | 42.00 | OK | |||
r-oldrel-macos-x86_64 | 1.0.0 | 49.00 | OK | |||
r-oldrel-windows-x86_64 | 1.0.0 | 9.00 | 96.00 | 105.00 | OK |
Version: 1.0.0
Check: data for non-ASCII characters
Result: NOTE
Note: found 1 marked UTF-8 string
Flavors: r-devel-linux-x86_64-fedora-clang, r-devel-linux-x86_64-fedora-gcc