Last updated on 2023-06-03 00:57:07 CEST.
Flavor | Version | Tinstall | Tcheck | Ttotal | Status | Flags |
---|---|---|---|---|---|---|
r-devel-linux-x86_64-debian-clang | 0.6.1 | 4.64 | 49.50 | 54.14 | OK | |
r-devel-linux-x86_64-debian-gcc | 0.6.1 | 3.80 | 37.70 | 41.50 | OK | |
r-devel-linux-x86_64-fedora-clang | 0.6.1 | 67.33 | NOTE | |||
r-devel-linux-x86_64-fedora-gcc | 0.6.1 | 74.60 | OK | |||
r-devel-windows-x86_64 | 0.6.1 | 6.00 | 67.00 | 73.00 | OK | |
r-patched-linux-x86_64 | 0.6.1 | OK | ||||
r-release-linux-x86_64 | 0.6.1 | 3.98 | 47.01 | 50.99 | OK | |
r-release-macos-arm64 | 0.6.1 | 30.00 | OK | |||
r-release-macos-x86_64 | 0.6.1 | 48.00 | NOTE | |||
r-release-windows-x86_64 | 0.6.1 | 7.00 | 70.00 | 77.00 | OK | |
r-oldrel-macos-arm64 | 0.6.1 | 24.00 | OK | |||
r-oldrel-macos-x86_64 | 0.6.1 | 35.00 | OK | |||
r-oldrel-windows-x86_64 | 0.6.1 | 7.00 | 75.00 | 82.00 | OK |
Version: 0.6.1
Check: Rd cross-references
Result: NOTE
Undeclared package ‘OpenMx’ in Rd xrefs
Flavor: r-devel-linux-x86_64-fedora-clang
Version: 0.6.1
Check: package dependencies
Result: NOTE
Package suggested but not available for checking: ‘semTools’
Flavor: r-release-macos-x86_64
Version: 0.6.1
Check: Rd cross-references
Result: NOTE
Packages unavailable to check Rd xrefs: ‘OpenMx’, ‘semTools’
Flavor: r-release-macos-x86_64