CRAN Package Check Results for Package equivalenceTest

Last updated on 2021-10-25 00:49:10 CEST.

Flavor Version Tinstall Tcheck Ttotal Status Flags
r-devel-linux-x86_64-debian-clang 0.0.1.1 2.45 24.30 26.75 NOTE
r-devel-linux-x86_64-debian-gcc 0.0.1.1 1.98 19.24 21.22 NOTE
r-devel-linux-x86_64-fedora-clang 0.0.1.1 43.54 NOTE
r-devel-linux-x86_64-fedora-gcc 0.0.1.1 32.77 NOTE
r-devel-windows-x86_64 0.0.1.1 4.00 32.00 36.00 NOTE
r-devel-windows-x86_64-gcc10-UCRT 0.0.1.1 NOTE
r-patched-linux-x86_64 0.0.1.1 2.74 23.69 26.43 NOTE
r-patched-solaris-x86 0.0.1.1 51.30 NOTE
r-release-linux-x86_64 0.0.1.1 2.30 23.73 26.03 NOTE
r-release-macos-arm64 0.0.1.1 NOTE
r-release-macos-x86_64 0.0.1.1 NOTE
r-release-windows-ix86+x86_64 0.0.1.1 5.00 40.00 45.00 NOTE
r-oldrel-macos-x86_64 0.0.1.1 NOTE
r-oldrel-windows-ix86+x86_64 0.0.1.1 7.00 39.00 46.00 OK

Check Details

Version: 0.0.1.1
Check: LazyData
Result: NOTE
     'LazyData' is specified without a 'data' directory
Flavors: r-devel-linux-x86_64-debian-clang, r-devel-linux-x86_64-debian-gcc, r-devel-linux-x86_64-fedora-clang, r-devel-linux-x86_64-fedora-gcc, r-devel-windows-x86_64, r-devel-windows-x86_64-gcc10-UCRT, r-patched-linux-x86_64, r-patched-solaris-x86, r-release-linux-x86_64, r-release-macos-arm64, r-release-macos-x86_64, r-release-windows-ix86+x86_64

Version: 0.0.1.1
Check: dependencies in R code
Result: NOTE
    Namespaces in Imports field not imported from:
     ‘cubature’ ‘rootSolve’
     All declared Imports should be used.
Flavors: r-devel-linux-x86_64-fedora-clang, r-devel-linux-x86_64-fedora-gcc, r-devel-windows-x86_64-gcc10-UCRT, r-patched-solaris-x86, r-release-macos-arm64, r-release-macos-x86_64, r-oldrel-macos-x86_64