CRAN Package Check Results for Package erboost

Last updated on 2021-10-25 00:49:10 CEST.

Flavor Version Tinstall Tcheck Ttotal Status Flags
r-devel-linux-x86_64-debian-clang 1.3 11.95 26.45 38.40 OK
r-devel-linux-x86_64-debian-gcc 1.3 8.28 20.94 29.22 OK
r-devel-linux-x86_64-fedora-clang 1.3 72.95 NOTE
r-devel-linux-x86_64-fedora-gcc 1.3 48.88 NOTE
r-devel-windows-x86_64 1.3 20.00 36.00 56.00 OK
r-devel-windows-x86_64-gcc10-UCRT 1.3 OK
r-patched-linux-x86_64 1.3 10.17 26.15 36.32 OK
r-patched-solaris-x86 1.3 76.10 OK
r-release-linux-x86_64 1.3 10.25 25.91 36.16 OK
r-release-macos-arm64 1.3 OK
r-release-macos-x86_64 1.3 OK
r-release-windows-ix86+x86_64 1.3 32.00 55.00 87.00 OK
r-oldrel-macos-x86_64 1.3 OK
r-oldrel-windows-ix86+x86_64 1.3 38.00 61.00 99.00 OK

Check Details

Version: 1.3
Check: compiled code
Result: NOTE
    File ‘erboost/libs/erboost.so’:
     Found no calls to: ‘R_registerRoutines’, ‘R_useDynamicSymbols’
    
    It is good practice to register native routines and to disable symbol
    search.
    
    See ‘Writing portable packages’ in the ‘Writing R Extensions’ manual.
Flavors: r-devel-linux-x86_64-fedora-clang, r-devel-linux-x86_64-fedora-gcc