CRAN Package Check Results for Package err

Last updated on 2021-10-16 00:49:13 CEST.

Flavor Version Tinstall Tcheck Ttotal Status Flags
r-devel-linux-x86_64-debian-clang 0.2.0 2.02 21.73 23.75 NOTE
r-devel-linux-x86_64-debian-gcc 0.2.0 1.65 17.53 19.18 NOTE
r-devel-linux-x86_64-fedora-clang 0.2.0 40.03 NOTE
r-devel-linux-x86_64-fedora-gcc 0.2.0 29.15 NOTE
r-devel-windows-x86_64 0.2.0 4.00 30.00 34.00 NOTE
r-devel-windows-x86_64-gcc10-UCRT 0.2.0 NOTE
r-patched-linux-x86_64 0.2.0 1.99 21.40 23.39 NOTE
r-patched-solaris-x86 0.2.0 47.20 NOTE
r-release-linux-x86_64 0.2.0 1.98 21.32 23.30 NOTE
r-release-macos-arm64 0.2.0 NOTE
r-release-macos-x86_64 0.2.0 NOTE
r-release-windows-ix86+x86_64 0.2.0 5.00 41.00 46.00 NOTE
r-oldrel-macos-x86_64 0.2.0 OK
r-oldrel-windows-ix86+x86_64 0.2.0 5.00 38.00 43.00 OK

Check Details

Version: 0.2.0
Check: LazyData
Result: NOTE
     'LazyData' is specified without a 'data' directory
Flavors: r-devel-linux-x86_64-debian-clang, r-devel-linux-x86_64-debian-gcc, r-devel-linux-x86_64-fedora-clang, r-devel-linux-x86_64-fedora-gcc, r-devel-windows-x86_64, r-devel-windows-x86_64-gcc10-UCRT, r-patched-linux-x86_64, r-patched-solaris-x86, r-release-linux-x86_64, r-release-macos-arm64, r-release-macos-x86_64, r-release-windows-ix86+x86_64