CRAN Package Check Results for Package esc

Last updated on 2021-10-16 00:49:13 CEST.

Flavor Version Tinstall Tcheck Ttotal Status Flags
r-devel-linux-x86_64-debian-clang 0.5.1 3.79 27.95 31.74 OK
r-devel-linux-x86_64-debian-gcc 0.5.1 2.77 21.84 24.61 OK
r-devel-linux-x86_64-fedora-clang 0.5.1 51.06 NOTE
r-devel-linux-x86_64-fedora-gcc 0.5.1 38.51 OK
r-devel-windows-x86_64 0.5.1 5.00 33.00 38.00 OK
r-devel-windows-x86_64-gcc10-UCRT 0.5.1 OK
r-patched-linux-x86_64 0.5.1 3.72 27.56 31.28 OK
r-patched-solaris-x86 0.5.1 56.10 OK
r-release-linux-x86_64 0.5.1 3.25 27.20 30.45 OK
r-release-macos-arm64 0.5.1 OK
r-release-macos-x86_64 0.5.1 OK
r-release-windows-ix86+x86_64 0.5.1 7.00 34.00 41.00 OK
r-oldrel-macos-x86_64 0.5.1 OK
r-oldrel-windows-ix86+x86_64 0.5.1 6.00 33.00 39.00 OK

Check Details

Version: 0.5.1
Check: Rd cross-references
Result: NOTE
    Undeclared package ‘metafor’ in Rd xrefs
Flavor: r-devel-linux-x86_64-fedora-clang