CRAN Package Check Results for Package esmisc

Last updated on 2021-10-19 00:49:15 CEST.

Flavor Version Tinstall Tcheck Ttotal Status Flags
r-devel-linux-x86_64-debian-clang 0.0.3 26.58 233.99 260.57 NOTE
r-devel-linux-x86_64-debian-gcc 0.0.3 19.69 173.63 193.32 NOTE
r-devel-linux-x86_64-fedora-clang 0.0.3 307.67 NOTE
r-devel-linux-x86_64-fedora-gcc 0.0.3 303.71 NOTE
r-devel-windows-x86_64 0.0.3 37.00 256.00 293.00 NOTE
r-devel-windows-x86_64-gcc10-UCRT 0.0.3 NOTE
r-patched-linux-x86_64 0.0.3 21.60 226.02 247.62 NOTE
r-patched-solaris-x86 0.0.3 183.90 NOTE
r-release-linux-x86_64 0.0.3 17.05 224.48 241.53 NOTE
r-release-macos-arm64 0.0.3 NOTE
r-release-macos-x86_64 0.0.3 NOTE
r-release-windows-ix86+x86_64 0.0.3 39.00 255.00 294.00 NOTE
r-oldrel-macos-x86_64 0.0.3 OK
r-oldrel-windows-ix86+x86_64 0.0.3 24.00 123.00 147.00 OK

Check Details

Version: 0.0.3
Check: LazyData
Result: NOTE
     'LazyData' is specified without a 'data' directory
Flavors: r-devel-linux-x86_64-debian-clang, r-devel-linux-x86_64-debian-gcc, r-devel-linux-x86_64-fedora-clang, r-devel-linux-x86_64-fedora-gcc, r-devel-windows-x86_64, r-devel-windows-x86_64-gcc10-UCRT, r-patched-linux-x86_64, r-patched-solaris-x86, r-release-linux-x86_64, r-release-macos-arm64, r-release-macos-x86_64, r-release-windows-ix86+x86_64