Last updated on 2023-03-23 00:51:09 CET.
Flavor | Version | Tinstall | Tcheck | Ttotal | Status | Flags |
---|---|---|---|---|---|---|
r-devel-linux-x86_64-debian-clang | 1.3.1 | 128.27 | 347.88 | 476.15 | OK | |
r-devel-linux-x86_64-debian-gcc | 1.3.1 | 96.78 | 258.58 | 355.36 | OK | |
r-devel-linux-x86_64-fedora-clang | 1.3.1 | 631.08 | OK | |||
r-devel-linux-x86_64-fedora-gcc | 1.3.1 | 587.89 | OK | |||
r-patched-linux-x86_64 | 1.3.1 | 119.46 | 369.32 | 488.78 | OK | |
r-release-linux-x86_64 | 1.3.1 | 104.39 | 371.33 | 475.72 | OK | |
r-release-macos-arm64 | 1.3.1 | 199.00 | OK | |||
r-release-macos-x86_64 | 1.3.1 | 364.00 | OK | |||
r-release-windows-x86_64 | 1.3.1 | 148.00 | 415.00 | 563.00 | OK | |
r-oldrel-macos-arm64 | 1.3.1 | 162.00 | OK | |||
r-oldrel-macos-x86_64 | 1.3.1 | 366.00 | OK | |||
r-oldrel-windows-ix86+x86_64 | 1.3.1 | 264.00 | 600.00 | 864.00 | WARN |
Version: 1.3.1
Check: R code for possible problems
Result: NOTE
Initiating curl with CURL_SSL_BACKEND: openssl
Flavor: r-oldrel-windows-ix86+x86_64
Version: 1.3.1
Check: Rd files
Result: WARN
Initiating curl with CURL_SSL_BACKEND: openssl
Flavor: r-oldrel-windows-ix86+x86_64