CRAN Package Check Results for Package esreg

Last updated on 2021-10-16 00:49:13 CEST.

Flavor Version Tinstall Tcheck Ttotal Status Flags
r-devel-linux-x86_64-debian-clang 0.5.0 51.22 36.97 88.19 NOTE
r-devel-linux-x86_64-debian-gcc 0.5.0 41.06 28.81 69.87 NOTE
r-devel-linux-x86_64-fedora-clang 0.5.0 148.29 NOTE
r-devel-linux-x86_64-fedora-gcc 0.5.0 125.76 NOTE
r-devel-windows-x86_64 0.5.0 66.00 53.00 119.00 NOTE
r-devel-windows-x86_64-gcc10-UCRT 0.5.0 NOTE
r-patched-linux-x86_64 0.5.0 55.34 35.87 91.21 NOTE
r-patched-solaris-x86 0.5.0 128.60 NOTE
r-release-linux-x86_64 0.5.0 50.05 36.22 86.27 NOTE
r-release-macos-arm64 0.5.0 NOTE
r-release-macos-x86_64 0.5.0 NOTE
r-release-windows-ix86+x86_64 0.5.0 146.00 88.00 234.00 NOTE
r-oldrel-macos-x86_64 0.5.0 OK
r-oldrel-windows-ix86+x86_64 0.5.0 150.00 87.00 237.00 OK

Check Details

Version: 0.5.0
Check: LazyData
Result: NOTE
     'LazyData' is specified without a 'data' directory
Flavors: r-devel-linux-x86_64-debian-clang, r-devel-linux-x86_64-debian-gcc, r-devel-linux-x86_64-fedora-clang, r-devel-linux-x86_64-fedora-gcc, r-devel-windows-x86_64, r-devel-windows-x86_64-gcc10-UCRT, r-patched-linux-x86_64, r-patched-solaris-x86, r-release-linux-x86_64, r-release-macos-arm64, r-release-macos-x86_64, r-release-windows-ix86+x86_64