CRAN Package Check Results for Package estimatr

Last updated on 2021-11-29 00:48:28 CET.

Flavor Version Tinstall Tcheck Ttotal Status Flags
r-devel-linux-x86_64-debian-clang 0.30.4 OK
r-devel-linux-x86_64-debian-gcc 0.30.4 68.94 103.78 172.72 OK
r-devel-linux-x86_64-fedora-clang 0.30.4 302.23 NOTE
r-devel-linux-x86_64-fedora-gcc 0.30.4 288.63 OK
r-devel-windows-x86_64-new-UL 0.30.4 119.00 231.00 350.00 OK
r-devel-windows-x86_64-new-TK 0.30.4 OK
r-devel-windows-x86_64-old 0.30.4 83.00 214.00 297.00 OK
r-patched-linux-x86_64 0.30.4 85.12 129.82 214.94 OK
r-patched-solaris-x86 0.30.4 290.80 OK
r-release-linux-x86_64 0.30.4 85.37 131.01 216.38 OK
r-release-macos-arm64 0.30.4 NOTE
r-release-macos-x86_64 0.30.4 NOTE
r-release-windows-ix86+x86_64 0.30.4 207.00 175.00 382.00 OK
r-oldrel-macos-x86_64 0.30.4 NOTE
r-oldrel-windows-ix86+x86_64 0.30.4 213.00 255.00 468.00 OK

Check Details

Version: 0.30.4
Check: installed package size
Result: NOTE
     installed size is 24.0Mb
     sub-directories of 1Mb or more:
     libs 23.7Mb
Flavors: r-devel-linux-x86_64-fedora-clang, r-release-macos-arm64, r-release-macos-x86_64, r-oldrel-macos-x86_64