Last updated on 2023-06-10 00:54:44 CEST.
Flavor | Version | Tinstall | Tcheck | Ttotal | Status | Flags |
---|---|---|---|---|---|---|
r-devel-linux-x86_64-debian-clang | 3.8.2 | 12.01 | 100.07 | 112.08 | OK | |
r-devel-linux-x86_64-debian-gcc | 3.8.2 | 8.04 | 74.47 | 82.51 | OK | |
r-devel-linux-x86_64-fedora-clang | 3.8.2 | 144.28 | NOTE | |||
r-devel-linux-x86_64-fedora-gcc | 3.8.2 | 139.55 | NOTE | |||
r-devel-windows-x86_64 | 3.8.2 | 14.00 | 110.00 | 124.00 | OK | |
r-patched-linux-x86_64 | 3.8.2 | 10.46 | 92.60 | 103.06 | OK | |
r-release-linux-x86_64 | 3.8.2 | 7.23 | 92.31 | 99.54 | OK | |
r-release-macos-arm64 | 3.8.2 | 70.00 | OK | |||
r-release-macos-x86_64 | 3.8.2 | 104.00 | NOTE | |||
r-release-windows-x86_64 | 3.8.2 | 14.00 | 120.00 | 134.00 | OK | |
r-oldrel-macos-arm64 | 3.8.2 | 49.00 | OK | |||
r-oldrel-macos-x86_64 | 3.8.2 | 74.00 | OK | |||
r-oldrel-windows-x86_64 | 3.8.2 | 15.00 | 115.00 | 130.00 | OK |
Version: 3.8.2
Check: data for non-ASCII characters
Result: NOTE
Note: found 1054 marked UTF-8 strings
Flavors: r-devel-linux-x86_64-fedora-clang, r-devel-linux-x86_64-fedora-gcc
Version: 3.8.2
Check: package dependencies
Result: NOTE
Package suggested but not available for checking: ‘sf’
Flavor: r-release-macos-x86_64
Version: 3.8.2
Check: Rd cross-references
Result: NOTE
Package unavailable to check Rd xrefs: ‘sf’
Flavor: r-release-macos-x86_64