Last updated on 2023-09-23 00:53:52 CEST.
Flavor | Version | Tinstall | Tcheck | Ttotal | Status | Flags |
---|---|---|---|---|---|---|
r-devel-linux-x86_64-debian-clang | 0.3.0 | 8.28 | 68.33 | 76.61 | NOTE | |
r-devel-linux-x86_64-debian-gcc | 0.3.0 | 6.45 | 50.15 | 56.60 | NOTE | |
r-devel-linux-x86_64-fedora-clang | 0.3.0 | 93.00 | NOTE | |||
r-devel-linux-x86_64-fedora-gcc | 0.3.0 | 90.14 | NOTE | |||
r-devel-windows-x86_64 | 0.3.0 | 11.00 | 94.00 | 105.00 | NOTE | |
r-patched-linux-x86_64 | 0.3.0 | 7.98 | 65.43 | 73.41 | NOTE | |
r-release-linux-x86_64 | 0.3.0 | 8.19 | 64.55 | 72.74 | NOTE | |
r-release-macos-arm64 | 0.3.0 | 30.00 | NOTE | |||
r-release-macos-x86_64 | 0.3.0 | 44.00 | NOTE | |||
r-release-windows-x86_64 | 0.3.0 | 11.00 | 106.00 | 117.00 | NOTE | |
r-oldrel-macos-arm64 | 0.3.0 | 36.00 | NOTE | |||
r-oldrel-macos-x86_64 | 0.3.0 | 45.00 | NOTE | |||
r-oldrel-windows-x86_64 | 0.3.0 | 11.00 | 103.00 | 114.00 | NOTE |
Version: 0.3.0
Check: LazyData
Result: NOTE
'LazyData' is specified without a 'data' directory
Flavors: r-devel-linux-x86_64-debian-clang, r-devel-linux-x86_64-debian-gcc, r-devel-linux-x86_64-fedora-clang, r-devel-linux-x86_64-fedora-gcc, r-devel-windows-x86_64, r-patched-linux-x86_64, r-release-linux-x86_64, r-release-macos-arm64, r-release-macos-x86_64, r-release-windows-x86_64, r-oldrel-macos-arm64, r-oldrel-macos-x86_64, r-oldrel-windows-x86_64
Version: 0.3.0
Check: dependencies in R code
Result: NOTE
Namespace in Imports field not imported from: ‘parallel’
All declared Imports should be used.
Flavors: r-devel-linux-x86_64-fedora-clang, r-devel-linux-x86_64-fedora-gcc, r-oldrel-macos-arm64, r-oldrel-macos-x86_64