CRAN Package Check Results for Package exceedProb

Last updated on 2021-10-28 00:48:44 CEST.

Flavor Version Tinstall Tcheck Ttotal Status Flags
r-devel-linux-x86_64-debian-clang 0.0.1 28.15 24.45 52.60 NOTE
r-devel-linux-x86_64-debian-gcc 0.0.1 20.46 19.49 39.95 NOTE
r-devel-linux-x86_64-fedora-clang 0.0.1 89.66 NOTE
r-devel-linux-x86_64-fedora-gcc 0.0.1 71.57 NOTE
r-devel-windows-x86_64 0.0.1 39.00 54.00 93.00 NOTE
r-devel-windows-x86_64-gcc10-UCRT 0.0.1 NOTE
r-patched-linux-x86_64 0.0.1 25.32 23.75 49.07 NOTE
r-patched-solaris-x86 0.0.1 80.40 NOTE
r-release-linux-x86_64 0.0.1 25.30 23.76 49.06 NOTE
r-release-macos-arm64 0.0.1 NOTE
r-release-macos-x86_64 0.0.1 NOTE
r-release-windows-ix86+x86_64 0.0.1 59.00 71.00 130.00 NOTE
r-oldrel-macos-x86_64 0.0.1 OK
r-oldrel-windows-ix86+x86_64 0.0.1 59.00 64.00 123.00 OK

Check Details

Version: 0.0.1
Check: LazyData
Result: NOTE
     'LazyData' is specified without a 'data' directory
Flavors: r-devel-linux-x86_64-debian-clang, r-devel-linux-x86_64-debian-gcc, r-devel-linux-x86_64-fedora-clang, r-devel-linux-x86_64-fedora-gcc, r-devel-windows-x86_64, r-devel-windows-x86_64-gcc10-UCRT, r-patched-linux-x86_64, r-patched-solaris-x86, r-release-linux-x86_64, r-release-macos-arm64, r-release-macos-x86_64, r-release-windows-ix86+x86_64