CRAN Package Check Results for Package extraDistr

Last updated on 2021-12-01 00:50:50 CET.

Flavor Version Tinstall Tcheck Ttotal Status Flags
r-devel-linux-x86_64-debian-clang 1.9.1 437.09 84.38 521.47 NOTE
r-devel-linux-x86_64-debian-gcc 1.9.1 306.29 67.40 373.69 NOTE
r-devel-linux-x86_64-fedora-clang 1.9.1 874.67 NOTE
r-devel-linux-x86_64-fedora-gcc 1.9.1 714.42 NOTE
r-devel-windows-x86_64-new-UL 1.9.1 580.00 163.00 743.00 NOTE
r-devel-windows-x86_64-new-TK 1.9.1 NOTE
r-devel-windows-x86_64-old 1.9.1 563.00 100.00 663.00 NOTE
r-patched-linux-x86_64 1.9.1 404.61 81.39 486.00 NOTE
r-patched-solaris-x86 1.9.1 597.90 NOTE
r-release-linux-x86_64 1.9.1 386.86 81.92 468.78 NOTE
r-release-macos-arm64 1.9.1 NOTE
r-release-macos-x86_64 1.9.1 NOTE
r-release-windows-ix86+x86_64 1.9.1 1069.00 158.00 1227.00 NOTE
r-oldrel-macos-x86_64 1.9.1 NOTE
r-oldrel-windows-ix86+x86_64 1.9.1 777.00 186.00 963.00 OK

Check Details

Version: 1.9.1
Check: LazyData
Result: NOTE
     'LazyData' is specified without a 'data' directory
Flavors: r-devel-linux-x86_64-debian-clang, r-devel-linux-x86_64-debian-gcc, r-devel-linux-x86_64-fedora-clang, r-devel-linux-x86_64-fedora-gcc, r-devel-windows-x86_64-new-UL, r-devel-windows-x86_64-new-TK, r-devel-windows-x86_64-old, r-patched-linux-x86_64, r-patched-solaris-x86, r-release-linux-x86_64, r-release-macos-arm64, r-release-macos-x86_64, r-release-windows-ix86+x86_64

Version: 1.9.1
Check: installed package size
Result: NOTE
     installed size is 14.4Mb
     sub-directories of 1Mb or more:
     libs 13.7Mb
Flavors: r-devel-linux-x86_64-fedora-clang, r-release-macos-arm64, r-release-macos-x86_64, r-oldrel-macos-x86_64