Last updated on 2023-03-30 00:51:53 CEST.
Flavor | Version | Tinstall | Tcheck | Ttotal | Status | Flags |
---|---|---|---|---|---|---|
r-devel-linux-x86_64-debian-clang | 1.0.2 | 40.21 | 200.08 | 240.29 | NOTE | |
r-devel-linux-x86_64-debian-gcc | 1.0.2 | 32.27 | 150.16 | 182.43 | NOTE | |
r-devel-linux-x86_64-fedora-clang | 1.0.2 | 309.11 | NOTE | |||
r-devel-linux-x86_64-fedora-gcc | 1.0.2 | 320.93 | NOTE | |||
r-devel-windows-x86_64 | 1.0.2 | 94.00 | 260.00 | 354.00 | NOTE | |
r-patched-linux-x86_64 | 1.0.2 | 40.21 | 189.44 | 229.65 | NOTE | |
r-release-linux-x86_64 | 1.0.2 | 32.59 | 193.23 | 225.82 | NOTE | |
r-release-macos-arm64 | 1.0.2 | 76.00 | NOTE | |||
r-release-macos-x86_64 | 1.0.2 | 113.00 | NOTE | |||
r-release-windows-x86_64 | 1.0.2 | 84.00 | 253.00 | 337.00 | NOTE | |
r-oldrel-macos-arm64 | 1.0.2 | 72.00 | NOTE | |||
r-oldrel-macos-x86_64 | 1.0.2 | 117.00 | NOTE | |||
r-oldrel-windows-ix86+x86_64 | 1.0.2 | 93.00 | 334.00 | 427.00 | NOTE |
Version: 1.0.2
Check: package dependencies
Result: NOTE
Package suggested but not available for checking: ‘exuberdata’
Flavors: r-devel-linux-x86_64-debian-clang, r-devel-linux-x86_64-debian-gcc, r-devel-linux-x86_64-fedora-clang, r-devel-linux-x86_64-fedora-gcc, r-devel-windows-x86_64, r-patched-linux-x86_64, r-release-linux-x86_64, r-release-macos-arm64, r-release-macos-x86_64, r-release-windows-x86_64, r-oldrel-macos-arm64, r-oldrel-macos-x86_64, r-oldrel-windows-ix86+x86_64