CRAN Package Check Results for Package ezEDA

Last updated on 2024-06-14 00:53:41 CEST.

Flavor Version Tinstall Tcheck Ttotal Status Flags
r-devel-linux-x86_64-debian-clang 0.1.1 8.35 123.27 131.62 OK
r-devel-linux-x86_64-debian-gcc 0.1.1 0.43 1.86 2.29 ERROR
r-devel-linux-x86_64-fedora-clang 0.1.1 171.64 OK
r-devel-linux-x86_64-fedora-gcc 0.1.1 168.79 OK
r-devel-windows-x86_64 0.1.1 7.00 111.00 118.00 OK
r-patched-linux-x86_64 0.1.1 5.58 119.04 124.62 OK
r-release-linux-x86_64 0.1.1 5.59 118.97 124.56 OK
r-release-macos-arm64 0.1.1 54.00 OK
r-release-macos-x86_64 0.1.1 77.00 OK
r-release-windows-x86_64 0.1.1 7.00 108.00 115.00 OK
r-oldrel-macos-arm64 0.1.1 56.00 OK
r-oldrel-macos-x86_64 0.1.1 87.00 OK
r-oldrel-windows-x86_64 0.1.1 9.00 130.00 139.00 OK

Check Details

Version: 0.1.1
Check: package dependencies
Result: ERROR Packages required but not available: 'ggplot2', 'dplyr', 'tidyr', 'GGally', 'purrr' Package suggested but not available for checking: ‘testthat’ See section ‘The DESCRIPTION file’ in the ‘Writing R Extensions’ manual. Flavor: r-devel-linux-x86_64-debian-gcc