CRAN Package Check Results for Package fAsianOptions

Last updated on 2021-10-22 00:50:25 CEST.

Flavor Version Tinstall Tcheck Ttotal Status Flags
r-devel-linux-x86_64-debian-clang 3042.82 11.75 62.79 74.54 NOTE
r-devel-linux-x86_64-debian-gcc 3042.82 8.81 47.56 56.37 NOTE
r-devel-linux-x86_64-fedora-clang 3042.82 100.06 NOTE
r-devel-linux-x86_64-fedora-gcc 3042.82 88.02 NOTE
r-devel-windows-x86_64 3042.82 18.00 85.00 103.00 NOTE
r-devel-windows-x86_64-gcc10-UCRT 3042.82 NOTE
r-patched-linux-x86_64 3042.82 11.18 60.34 71.52 NOTE
r-patched-solaris-x86 3042.82 121.20 NOTE
r-release-linux-x86_64 3042.82 12.04 60.16 72.20 NOTE
r-release-macos-arm64 3042.82 NOTE
r-release-macos-x86_64 3042.82 NOTE
r-release-windows-ix86+x86_64 3042.82 21.00 104.00 125.00 NOTE
r-oldrel-macos-x86_64 3042.82 OK
r-oldrel-windows-ix86+x86_64 3042.82 29.00 119.00 148.00 OK

Check Details

Version: 3042.82
Check: LazyData
Result: NOTE
     'LazyData' is specified without a 'data' directory
Flavors: r-devel-linux-x86_64-debian-clang, r-devel-linux-x86_64-debian-gcc, r-devel-linux-x86_64-fedora-clang, r-devel-linux-x86_64-fedora-gcc, r-devel-windows-x86_64, r-devel-windows-x86_64-gcc10-UCRT, r-patched-linux-x86_64, r-patched-solaris-x86, r-release-linux-x86_64, r-release-macos-arm64, r-release-macos-x86_64, r-release-windows-ix86+x86_64

Version: 3042.82
Check: compiled code
Result: NOTE
    File ‘fAsianOptions/libs/fAsianOptions.so’:
     Found no calls to: ‘R_registerRoutines’, ‘R_useDynamicSymbols’
    
    It is good practice to register native routines and to disable symbol
    search.
    
    See ‘Writing portable packages’ in the ‘Writing R Extensions’ manual.
Flavors: r-devel-linux-x86_64-fedora-clang, r-devel-linux-x86_64-fedora-gcc