CRAN Package Check Results for Package fBasics

Last updated on 2021-12-01 00:50:50 CET.

Flavor Version Tinstall Tcheck Ttotal Status Flags
r-devel-linux-x86_64-debian-clang 3042.89.1 77.85 169.29 247.14 OK
r-devel-linux-x86_64-debian-gcc 3042.89.1 61.53 141.31 202.84 OK
r-devel-linux-x86_64-fedora-clang 3042.89.1 313.79 NOTE
r-devel-linux-x86_64-fedora-gcc 3042.89.1 277.68 NOTE
r-devel-windows-x86_64-new-UL 3042.89.1 135.00 203.00 338.00 OK
r-devel-windows-x86_64-new-TK 3042.89.1 OK
r-devel-windows-x86_64-old 3042.89.1 103.00 139.00 242.00 OK
r-patched-linux-x86_64 3042.89.1 68.89 167.11 236.00 OK
r-patched-solaris-x86 3042.89.1 438.20 OK
r-release-linux-x86_64 3042.89.1 69.49 166.22 235.71 OK
r-release-macos-arm64 3042.89.1 OK
r-release-macos-x86_64 3042.89.1 OK
r-release-windows-ix86+x86_64 3042.89.1 116.00 189.00 305.00 OK
r-oldrel-macos-x86_64 3042.89.1 OK
r-oldrel-windows-ix86+x86_64 3042.89.1 84.00 208.00 292.00 OK

Check Details

Version: 3042.89.1
Check: compiled code
Result: NOTE
    File ‘fBasics/libs/fBasics.so’:
     Found no calls to: ‘R_registerRoutines’, ‘R_useDynamicSymbols’
    
    It is good practice to register native routines and to disable symbol
    search.
    
    See ‘Writing portable packages’ in the ‘Writing R Extensions’ manual.
Flavors: r-devel-linux-x86_64-fedora-clang, r-devel-linux-x86_64-fedora-gcc