CRAN Package Check Results for Package fExoticOptions

Last updated on 2022-01-28 00:48:54 CET.

Flavor Version Tinstall Tcheck Ttotal Status Flags
r-devel-linux-x86_64-debian-clang 3042.80 8.25 81.12 89.37 NOTE
r-devel-linux-x86_64-debian-gcc 3042.80 8.44 61.37 69.81 NOTE
r-devel-linux-x86_64-fedora-clang 3042.80 109.11 NOTE
r-devel-linux-x86_64-fedora-gcc 3042.80 100.44 NOTE
r-devel-windows-x86_64-new-UL 3042.80 59.00 95.00 154.00 NOTE
r-devel-windows-x86_64-new-TK 3042.80 NOTE
r-patched-linux-x86_64 3042.80 11.12 75.18 86.30 NOTE
r-release-linux-x86_64 3042.80 8.83 76.58 85.41 NOTE
r-release-macos-arm64 3042.80 NOTE
r-release-macos-x86_64 3042.80 NOTE
r-release-windows-ix86+x86_64 3042.80 23.00 90.00 113.00 NOTE
r-oldrel-macos-x86_64 3042.80 OK
r-oldrel-windows-ix86+x86_64 3042.80 23.00 87.00 110.00 OK

Check Details

Version: 3042.80
Check: LazyData
Result: NOTE
     'LazyData' is specified without a 'data' directory
Flavors: r-devel-linux-x86_64-debian-clang, r-devel-linux-x86_64-debian-gcc, r-devel-linux-x86_64-fedora-clang, r-devel-linux-x86_64-fedora-gcc, r-devel-windows-x86_64-new-UL, r-devel-windows-x86_64-new-TK, r-patched-linux-x86_64, r-release-linux-x86_64, r-release-macos-arm64, r-release-macos-x86_64, r-release-windows-ix86+x86_64