CRAN Package Check Results for Package factormodel

Last updated on 2021-10-26 00:59:50 CEST.

Flavor Version Tinstall Tcheck Ttotal Status Flags
r-devel-linux-x86_64-debian-clang 1.0 2.28 41.92 44.20 OK
r-devel-linux-x86_64-debian-gcc 1.0 1.96 30.42 32.38 OK
r-devel-linux-x86_64-fedora-clang 1.0 66.23 NOTE
r-devel-linux-x86_64-fedora-gcc 1.0 52.70 NOTE
r-devel-windows-x86_64 1.0 5.00 70.00 75.00 OK
r-devel-windows-x86_64-gcc10-UCRT 1.0 NOTE
r-patched-linux-x86_64 1.0 2.50 40.07 42.57 OK
r-patched-solaris-x86 1.0 85.20 NOTE
r-release-linux-x86_64 1.0 1.95 39.14 41.09 OK
r-release-macos-arm64 1.0 NOTE
r-release-macos-x86_64 1.0 NOTE
r-release-windows-ix86+x86_64 1.0 5.00 62.00 67.00 OK
r-oldrel-macos-x86_64 1.0 NOTE
r-oldrel-windows-ix86+x86_64 1.0 6.00 62.00 68.00 OK

Check Details

Version: 1.0
Check: dependencies in R code
Result: NOTE
    Namespace in Imports field not imported from: ‘dplyr’
     All declared Imports should be used.
Flavors: r-devel-linux-x86_64-fedora-clang, r-devel-linux-x86_64-fedora-gcc, r-devel-windows-x86_64-gcc10-UCRT, r-patched-solaris-x86, r-release-macos-arm64, r-release-macos-x86_64, r-oldrel-macos-x86_64