CRAN Package Check Results for Package farff

Last updated on 2022-01-28 00:48:54 CET.

Flavor Version Tinstall Tcheck Ttotal Status Flags
r-devel-linux-x86_64-debian-clang 1.1.1 4.85 44.31 49.16 OK
r-devel-linux-x86_64-debian-gcc 1.1.1 3.46 34.25 37.71 OK
r-devel-linux-x86_64-fedora-clang 1.1.1 58.77 NOTE
r-devel-linux-x86_64-fedora-gcc 1.1.1 48.32 OK
r-devel-windows-x86_64-new-UL 1.1.1 26.00 65.00 91.00 OK
r-devel-windows-x86_64-new-TK 1.1.1 OK
r-patched-linux-x86_64 1.1.1 4.39 41.13 45.52 OK
r-release-linux-x86_64 1.1.1 4.64 41.77 46.41 OK
r-release-macos-arm64 1.1.1 OK
r-release-macos-x86_64 1.1.1 OK
r-release-windows-ix86+x86_64 1.1.1 15.00 64.00 79.00 OK
r-oldrel-macos-x86_64 1.1.1 OK
r-oldrel-windows-ix86+x86_64 1.1.1 18.00 67.00 85.00 OK

Check Details

Version: 1.1.1
Check: Rd cross-references
Result: NOTE
    Undeclared package ‘RWeka’ in Rd xrefs
Flavor: r-devel-linux-x86_64-fedora-clang