Last updated on 2023-05-30 00:59:44 CEST.
Flavor | Version | Tinstall | Tcheck | Ttotal | Status | Flags |
---|---|---|---|---|---|---|
r-devel-linux-x86_64-debian-clang | 1.1.1 | 7.10 | 45.02 | 52.12 | OK | |
r-devel-linux-x86_64-debian-gcc | 1.1.1 | 5.28 | 34.54 | 39.82 | OK | |
r-devel-linux-x86_64-fedora-clang | 1.1.1 | 67.41 | NOTE | |||
r-devel-linux-x86_64-fedora-gcc | 1.1.1 | 61.04 | OK | |||
r-devel-windows-x86_64 | 1.1.1 | 10.00 | 55.00 | 65.00 | OK | |
r-patched-linux-x86_64 | 1.1.1 | 6.51 | 42.69 | 49.20 | OK | |
r-release-linux-x86_64 | 1.1.1 | 5.25 | 43.14 | 48.39 | OK | |
r-release-macos-arm64 | 1.1.1 | 28.00 | OK | |||
r-release-macos-x86_64 | 1.1.1 | 38.00 | OK | |||
r-release-windows-x86_64 | 1.1.1 | 12.00 | 58.00 | 70.00 | OK | |
r-oldrel-macos-arm64 | 1.1.1 | 23.00 | OK | |||
r-oldrel-macos-x86_64 | 1.1.1 | 48.00 | NOTE | |||
r-oldrel-windows-x86_64 | 1.1.1 | 12.00 | 64.00 | 76.00 | OK |
Version: 1.1.1
Check: Rd cross-references
Result: NOTE
Undeclared package ‘RWeka’ in Rd xrefs
Flavor: r-devel-linux-x86_64-fedora-clang
Version: 1.1.1
Check: Rd cross-references
Result: NOTE
Package unavailable to check Rd xrefs: ‘RWeka’
Flavor: r-oldrel-macos-x86_64