CRAN Package Check Results for Package fastDummies

Last updated on 2023-03-25 00:49:13 CET.

Flavor Version Tinstall Tcheck Ttotal Status Flags
r-devel-linux-x86_64-debian-clang 1.6.3 2.61 36.18 38.79 NOTE
r-devel-linux-x86_64-debian-gcc 1.6.3 1.99 28.53 30.52 NOTE
r-devel-linux-x86_64-fedora-clang 1.6.3 50.60 NOTE
r-devel-linux-x86_64-fedora-gcc 1.6.3 56.28 NOTE
r-patched-linux-x86_64 1.6.3 2.48 36.59 39.07 NOTE
r-release-linux-x86_64 1.6.3 2.46 36.48 38.94 NOTE
r-release-macos-arm64 1.6.3 20.00 NOTE
r-release-macos-x86_64 1.6.3 26.00 NOTE
r-release-windows-x86_64 1.6.3 37.00 69.00 106.00 NOTE
r-oldrel-macos-arm64 1.6.3 23.00 NOTE
r-oldrel-macos-x86_64 1.6.3 37.00 NOTE
r-oldrel-windows-ix86+x86_64 1.6.3 7.00 69.00 76.00 NOTE

Check Details

Version: 1.6.3
Check: LazyData
Result: NOTE
     'LazyData' is specified without a 'data' directory
Flavors: r-devel-linux-x86_64-debian-clang, r-devel-linux-x86_64-debian-gcc, r-devel-linux-x86_64-fedora-clang, r-devel-linux-x86_64-fedora-gcc, r-patched-linux-x86_64, r-release-linux-x86_64, r-release-macos-arm64, r-release-macos-x86_64, r-release-windows-x86_64, r-oldrel-macos-arm64, r-oldrel-macos-x86_64, r-oldrel-windows-ix86+x86_64