CRAN Package Check Results for Package fastJT

Last updated on 2024-06-25 00:57:58 CEST.

Flavor Version Tinstall Tcheck Ttotal Status Flags
r-devel-linux-x86_64-debian-clang 1.0.6 34.70 45.88 80.58 NOTE
r-devel-linux-x86_64-debian-gcc 1.0.6 21.04 36.44 57.48 NOTE
r-devel-linux-x86_64-fedora-clang 1.0.6 113.10 NOTE
r-devel-linux-x86_64-fedora-gcc 1.0.6 119.27 NOTE
r-devel-windows-x86_64 1.0.6 25.00 92.00 117.00 NOTE
r-patched-linux-x86_64 1.0.6 27.15 45.94 73.09 NOTE
r-release-linux-x86_64 1.0.6 26.69 46.06 72.75 NOTE
r-release-macos-arm64 1.0.6 38.00 NOTE
r-release-macos-x86_64 1.0.6 64.00 WARN
r-release-windows-x86_64 1.0.6 25.00 93.00 118.00 NOTE
r-oldrel-macos-arm64 1.0.6 40.00 NOTE
r-oldrel-macos-x86_64 1.0.6 63.00 NOTE
r-oldrel-windows-x86_64 1.0.6 25.00 98.00 123.00 NOTE

Check Details

Version: 1.0.6
Check: C++ specification
Result: NOTE Specified C++11: please drop specification unless essential Flavors: r-devel-linux-x86_64-debian-clang, r-devel-linux-x86_64-debian-gcc, r-devel-linux-x86_64-fedora-clang, r-devel-linux-x86_64-fedora-gcc, r-devel-windows-x86_64, r-patched-linux-x86_64, r-release-linux-x86_64, r-release-macos-arm64, r-release-macos-x86_64, r-release-windows-x86_64, r-oldrel-macos-arm64, r-oldrel-macos-x86_64, r-oldrel-windows-x86_64

Version: 1.0.6
Check: re-building of vignette outputs
Result: WARN Error(s) in re-building vignettes: ... --- re-building ‘fastJT.Rnw’ using knitr Error: processing vignette 'fastJT.Rnw' failed with diagnostics: Running 'texi2dvi' on 'fastJT.tex' failed. LaTeX errors: ! Undefined control sequence. l.5 \hldef {res} \hlkwb{<-} \hlkwd{fastJT}\hldef{(Y, X,} \hlkwc{outTopN}\hlde... ? ! Emergency stop. l.5 End of file on the terminal! ! ==> Fatal error occurred, no output PDF file produced! --- failed re-building ‘fastJT.Rnw’ SUMMARY: processing the following file failed: ‘fastJT.Rnw’ Error: Vignette re-building failed. Execution halted Flavor: r-release-macos-x86_64