CRAN Package Check Results for Package fastLogisticRegressionWrap

Last updated on 2024-03-05 00:51:38 CET.

Flavor Version Tinstall Tcheck Ttotal Status Flags
r-devel-linux-x86_64-debian-clang 1.2.0 40.97 36.93 77.90 NOTE
r-devel-linux-x86_64-debian-gcc 1.2.0 26.63 30.04 56.67 NOTE
r-devel-linux-x86_64-fedora-clang 1.2.0 98.20 NOTE
r-devel-linux-x86_64-fedora-gcc 1.2.0 103.27 NOTE
r-devel-windows-x86_64 1.2.0 29.00 71.00 100.00 NOTE
r-patched-linux-x86_64 1.2.0 32.82 37.09 69.91 OK
r-release-linux-x86_64 1.2.0 33.01 38.79 71.80 OK
r-release-macos-arm64 1.2.0 29.00 NOTE
r-release-macos-x86_64 1.2.0 50.00 NOTE
r-release-windows-x86_64 1.2.0 38.00 78.00 116.00 OK
r-oldrel-macos-arm64 1.2.0 30.00 NOTE
r-oldrel-windows-x86_64 1.2.0 35.00 77.00 112.00 OK

Check Details

Version: 1.2.0
Check: Rd files
Result: NOTE checkRd: (-1) eigen_compute_single_entry_of_diagonal_matrix.Rd:17: Lost braces; missing escapes or markup? 17 | The value of m^{-1}_{j,j} | ^ checkRd: (-1) eigen_compute_single_entry_of_diagonal_matrix.Rd:17: Lost braces; missing escapes or markup? 17 | The value of m^{-1}_{j,j} | ^ Flavors: r-devel-linux-x86_64-debian-clang, r-devel-linux-x86_64-debian-gcc, r-devel-linux-x86_64-fedora-clang, r-devel-linux-x86_64-fedora-gcc, r-devel-windows-x86_64

Version: 1.2.0
Check: installed package size
Result: NOTE installed size is 5.9Mb sub-directories of 1Mb or more: libs 5.8Mb Flavors: r-release-macos-arm64, r-release-macos-x86_64, r-oldrel-macos-arm64