CRAN Package Check Results for Package fastai

Last updated on 2021-10-22 00:50:25 CEST.

Flavor Version Tinstall Tcheck Ttotal Status Flags
r-devel-linux-x86_64-debian-clang 2.0.9 26.54 200.63 227.17 OK
r-devel-linux-x86_64-debian-gcc 2.0.9 21.82 152.68 174.50 OK
r-devel-linux-x86_64-fedora-clang 2.0.9 383.68 NOTE
r-devel-linux-x86_64-fedora-gcc 2.0.9 369.68 OK
r-devel-windows-x86_64 2.0.9 45.00 311.00 356.00 NOTE
r-devel-windows-x86_64-gcc10-UCRT 2.0.9 OK
r-patched-linux-x86_64 2.0.9 30.92 204.54 235.46 OK
r-patched-solaris-x86 2.0.9 316.80 NOTE
r-release-linux-x86_64 2.0.9 24.60 208.59 233.19 OK
r-release-macos-arm64 2.0.9 NOTE
r-release-macos-x86_64 2.0.9 NOTE
r-release-windows-ix86+x86_64 2.0.9 56.00 287.00 343.00 NOTE
r-oldrel-macos-x86_64 2.0.9 NOTE
r-oldrel-windows-ix86+x86_64 2.0.9 57.00 280.00 337.00 NOTE

Check Details

Version: 2.0.9
Check: installed package size
Result: NOTE
     installed size is 5.1Mb
     sub-directories of 1Mb or more:
     doc 3.0Mb
     help 1.2Mb
Flavors: r-devel-linux-x86_64-fedora-clang, r-devel-windows-x86_64, r-patched-solaris-x86, r-release-macos-arm64, r-release-macos-x86_64, r-release-windows-ix86+x86_64, r-oldrel-macos-x86_64, r-oldrel-windows-ix86+x86_64

Version: 2.0.9
Check: dependencies in R code
Result: NOTE
    Warning: please export TSAN_OPTIONS='ignore_noninstrumented_modules=1' to avoid false positive reports from the OpenMP runtime.!
Flavor: r-devel-linux-x86_64-fedora-clang