CRAN Package Check Results for Package fastcmprsk

Last updated on 2022-01-24 00:47:34 CET.

Flavor Version Tinstall Tcheck Ttotal Status Flags
r-devel-linux-x86_64-debian-clang 1.1.1 10.97 72.48 83.45 NOTE
r-devel-linux-x86_64-debian-gcc 1.1.1 8.38 63.06 71.44 NOTE
r-devel-linux-x86_64-fedora-clang 1.1.1 103.88 NOTE
r-devel-linux-x86_64-fedora-gcc 1.1.1 91.00 NOTE
r-devel-windows-x86_64-new-UL 1.1.1 43.00 93.00 136.00 NOTE
r-devel-windows-x86_64-new-TK 1.1.1 NOTE
r-patched-linux-x86_64 1.1.1 8.27 72.24 80.51 NOTE
r-release-linux-x86_64 1.1.1 9.67 70.81 80.48 NOTE
r-release-macos-arm64 1.1.1 NOTE
r-release-macos-x86_64 1.1.1 NOTE
r-release-windows-ix86+x86_64 1.1.1 31.00 118.00 149.00 NOTE
r-oldrel-macos-x86_64 1.1.1 OK
r-oldrel-windows-ix86+x86_64 1.1.1 33.00 109.00 142.00 OK

Additional issues

rchk

Check Details

Version: 1.1.1
Check: LazyData
Result: NOTE
     'LazyData' is specified without a 'data' directory
Flavors: r-devel-linux-x86_64-debian-clang, r-devel-linux-x86_64-debian-gcc, r-devel-linux-x86_64-fedora-clang, r-devel-linux-x86_64-fedora-gcc, r-devel-windows-x86_64-new-UL, r-devel-windows-x86_64-new-TK, r-patched-linux-x86_64, r-release-linux-x86_64, r-release-macos-arm64, r-release-macos-x86_64, r-release-windows-ix86+x86_64