CRAN Package Check Results for Package fastdigest

Last updated on 2024-02-23 00:59:28 CET.

Flavor Version Tinstall Tcheck Ttotal Status Flags
r-devel-linux-x86_64-debian-clang 0.6-3 NOTE
r-devel-linux-x86_64-debian-gcc 0.6-3 2.60 16.74 19.34 NOTE
r-devel-linux-x86_64-fedora-clang 0.6-3 31.38 NOTE
r-devel-linux-x86_64-fedora-gcc 0.6-3 29.33 NOTE
r-devel-windows-x86_64 0.6-3 5.00 40.00 45.00 NOTE
r-patched-linux-x86_64 0.6-3 3.13 20.81 23.94 NOTE
r-release-linux-x86_64 0.6-3 3.39 20.44 23.83 NOTE
r-release-macos-arm64 0.6-3 18.00 NOTE
r-release-macos-x86_64 0.6-3 21.00 NOTE
r-release-windows-x86_64 0.6-3 7.00 39.00 46.00 NOTE
r-oldrel-macos-arm64 0.6-3 17.00 OK
r-oldrel-windows-x86_64 0.6-3 6.00 44.00 50.00 OK

Check Details

Version: 0.6-3
Check: C++ specification
Result: NOTE Specified C++11: please drop specification unless essential Flavors: r-devel-linux-x86_64-debian-clang, r-devel-linux-x86_64-debian-gcc, r-devel-linux-x86_64-fedora-clang, r-devel-linux-x86_64-fedora-gcc, r-devel-windows-x86_64, r-patched-linux-x86_64, r-release-linux-x86_64, r-release-macos-arm64, r-release-macos-x86_64, r-release-windows-x86_64

Version: 0.6-3
Check: compiled code
Result: NOTE File ‘fastdigest/libs/fastdigest.so’: Found no call to: ‘R_useDynamicSymbols’ It is good practice to register native routines and to disable symbol search. See ‘Writing portable packages’ in the ‘Writing R Extensions’ manual. Flavors: r-devel-linux-x86_64-fedora-clang, r-devel-linux-x86_64-fedora-gcc