CRAN Package Check Results for Package fasterElasticNet

Last updated on 2024-06-17 00:49:58 CEST.

Flavor Version Tinstall Tcheck Ttotal Status Flags
r-devel-linux-x86_64-debian-clang 1.1.2 66.90 31.76 98.66 NOTE
r-devel-linux-x86_64-debian-gcc 1.1.2 41.66 25.18 66.84 NOTE
r-devel-linux-x86_64-fedora-clang 1.1.2 146.00 NOTE
r-devel-linux-x86_64-fedora-gcc 1.1.2 137.33 NOTE
r-devel-windows-x86_64 1.1.2 48.00 70.00 118.00 NOTE
r-patched-linux-x86_64 1.1.2 53.14 30.86 84.00 NOTE
r-release-linux-x86_64 1.1.2 55.05 31.93 86.98 NOTE
r-release-macos-arm64 1.1.2 30.00 NOTE
r-release-macos-x86_64 1.1.2 40.00 NOTE
r-release-windows-x86_64 1.1.2 51.00 75.00 126.00 NOTE
r-oldrel-macos-arm64 1.1.2 37.00 NOTE
r-oldrel-macos-x86_64 1.1.2 59.00 NOTE
r-oldrel-windows-x86_64 1.1.2 60.00 77.00 137.00 NOTE

Check Details

Version: 1.1.2
Check: C++ specification
Result: NOTE Specified C++11: please drop specification unless essential Flavors: r-devel-linux-x86_64-debian-clang, r-devel-linux-x86_64-debian-gcc, r-devel-linux-x86_64-fedora-clang, r-devel-linux-x86_64-fedora-gcc, r-devel-windows-x86_64, r-patched-linux-x86_64, r-release-linux-x86_64, r-release-macos-arm64, r-release-macos-x86_64, r-release-windows-x86_64, r-oldrel-macos-arm64, r-oldrel-macos-x86_64, r-oldrel-windows-x86_64

Version: 1.1.2
Check: installed package size
Result: NOTE installed size is 5.6Mb sub-directories of 1Mb or more: data 3.1Mb libs 2.5Mb Flavors: r-release-macos-arm64, r-release-macos-x86_64, r-oldrel-macos-arm64, r-oldrel-macos-x86_64