CRAN Package Check Results for Package fastmatch

Last updated on 2021-10-20 00:49:38 CEST.

Flavor Version Tinstall Tcheck Ttotal Status Flags
r-devel-linux-x86_64-debian-clang 1.1-3 3.23 36.85 40.08 NOTE
r-devel-linux-x86_64-debian-gcc 1.1-3 2.42 28.79 31.21 NOTE
r-devel-linux-x86_64-fedora-clang 1.1-3 57.58 NOTE
r-devel-linux-x86_64-fedora-gcc 1.1-3 46.87 NOTE
r-devel-windows-x86_64 1.1-3 6.00 56.00 62.00 NOTE
r-devel-windows-x86_64-gcc10-UCRT 1.1-3 NOTE
r-patched-linux-x86_64 1.1-3 3.04 34.57 37.61 NOTE
r-patched-solaris-x86 1.1-3 81.00 NOTE
r-release-linux-x86_64 1.1-3 2.74 34.66 37.40 NOTE
r-release-macos-arm64 1.1-3 NOTE
r-release-macos-x86_64 1.1-3 NOTE
r-release-windows-ix86+x86_64 1.1-3 10.00 68.00 78.00 NOTE
r-oldrel-macos-x86_64 1.1-3 NOTE
r-oldrel-windows-ix86+x86_64 1.1-3 7.00 67.00 74.00 NOTE

Additional issues

rchk

Check Details

Version: 1.1-3
Check: compiled code
Result: NOTE
    File 'fastmatch/libs/fastmatch.so':
     Found non-API call to R: 'match5'
    
    Compiled code should not call non-API entry points in R.
    
    See 'Writing portable packages' in the 'Writing R Extensions' manual.
Flavors: r-devel-linux-x86_64-debian-clang, r-devel-linux-x86_64-debian-gcc, r-patched-linux-x86_64, r-patched-solaris-x86, r-release-linux-x86_64, r-release-macos-arm64, r-release-macos-x86_64, r-oldrel-macos-x86_64

Version: 1.1-3
Check: compiled code
Result: NOTE
    File ‘fastmatch/libs/fastmatch.so’:
     Found non-API call to R: ‘match5’
    File ‘fastmatch/libs/fastmatch.so’:
     Found no calls to: ‘R_registerRoutines’, ‘R_useDynamicSymbols’
    
    Compiled code should not call non-API entry points in R.
    It is good practice to register native routines and to disable symbol
    search.
    
    See ‘Writing portable packages’ in the ‘Writing R Extensions’ manual.
Flavors: r-devel-linux-x86_64-fedora-clang, r-devel-linux-x86_64-fedora-gcc

Version: 1.1-3
Check: compiled code
Result: NOTE
    File 'fastmatch/libs/x64/fastmatch.dll':
     Found non-API call to R: 'match5'
    
    Compiled code should not call non-API entry points in R.
    
    See 'Writing portable packages' in the 'Writing R Extensions' manual.
Flavors: r-devel-windows-x86_64, r-devel-windows-x86_64-gcc10-UCRT

Version: 1.1-3
Check: compiled code
Result: NOTE
    File 'fastmatch/libs/i386/fastmatch.dll':
     Found non-API call to R: 'match5'
    File 'fastmatch/libs/x64/fastmatch.dll':
     Found non-API call to R: 'match5'
    
    Compiled code should not call non-API entry points in R.
    
    See 'Writing portable packages' in the 'Writing R Extensions' manual.
Flavors: r-release-windows-ix86+x86_64, r-oldrel-windows-ix86+x86_64