CRAN Package Check Results for Package fastrep

Last updated on 2023-09-23 00:53:52 CEST.

Flavor Version Tinstall Tcheck Ttotal Status Flags
r-devel-linux-x86_64-debian-clang 0.7 5.07 51.20 56.27 OK
r-devel-linux-x86_64-debian-gcc 0.7 4.15 38.67 42.82 OK
r-devel-linux-x86_64-fedora-clang 0.7 71.78 NOTE
r-devel-linux-x86_64-fedora-gcc 0.7 78.68 NOTE
r-devel-windows-x86_64 0.7 7.00 62.00 69.00 OK
r-patched-linux-x86_64 0.7 5.47 49.24 54.71 OK
r-release-linux-x86_64 0.7 3.53 48.43 51.96 OK
r-release-macos-arm64 0.7 32.00 OK
r-release-macos-x86_64 0.7 46.00 OK
r-release-windows-x86_64 0.7 8.00 65.00 73.00 OK
r-oldrel-macos-arm64 0.7 28.00 NOTE
r-oldrel-macos-x86_64 0.7 42.00 NOTE
r-oldrel-windows-x86_64 0.7 7.00 67.00 74.00 OK

Check Details

Version: 0.7
Check: dependencies in R code
Result: NOTE
    Namespace in Imports field not imported from: ‘ggplot2’
     All declared Imports should be used.
Flavors: r-devel-linux-x86_64-fedora-clang, r-devel-linux-x86_64-fedora-gcc, r-oldrel-macos-arm64, r-oldrel-macos-x86_64