CRAN Package Check Results for Package fastverse

Last updated on 2025-01-20 00:48:19 CET.

Flavor Version Tinstall Tcheck Ttotal Status Flags
r-devel-linux-x86_64-debian-clang 0.3.4 2.90 28.88 31.78 OK
r-devel-linux-x86_64-debian-gcc 0.3.4 2.16 22.86 25.02 OK
r-devel-linux-x86_64-fedora-clang 0.3.4 53.35 NOTE
r-devel-linux-x86_64-fedora-gcc 0.3.4 63.76 NOTE
r-devel-windows-x86_64 0.3.4 4.00 52.00 56.00 OK
r-patched-linux-x86_64 0.3.4 3.31 27.58 30.89 OK
r-release-linux-x86_64 0.3.4 2.93 27.56 30.49 OK
r-release-macos-arm64 0.3.4 48.00 OK
r-release-macos-x86_64 0.3.4 69.00 OK
r-release-windows-x86_64 0.3.4 4.00 53.00 57.00 OK
r-oldrel-macos-arm64 0.3.4 45.00 OK
r-oldrel-macos-x86_64 0.3.4 67.00 OK
r-oldrel-windows-x86_64 0.3.4 5.00 54.00 59.00 OK

Check Details

Version: 0.3.4
Check: dependencies in R code
Result: NOTE Namespaces in Imports field not imported from: ‘collapse’ ‘data.table’ ‘kit’ ‘magrittr’ All declared Imports should be used. Flavors: r-devel-linux-x86_64-fedora-clang, r-devel-linux-x86_64-fedora-gcc