Last updated on 2023-11-29 00:50:17 CET.
Flavor | Version | Tinstall | Tcheck | Ttotal | Status | Flags |
---|---|---|---|---|---|---|
r-devel-linux-x86_64-debian-clang | 1.2.1 | 81.08 | 190.29 | 271.37 | WARN | |
r-devel-linux-x86_64-debian-gcc | 1.2.1 | 58.90 | 144.44 | 203.34 | WARN | |
r-devel-linux-x86_64-fedora-clang | 1.2.1 | 365.01 | WARN | |||
r-devel-linux-x86_64-fedora-gcc | 1.2.1 | 379.38 | WARN | |||
r-devel-windows-x86_64 | 1.2.1 | 68.00 | 171.00 | 239.00 | WARN | |
r-patched-linux-x86_64 | 1.2.1 | 75.90 | 183.39 | 259.29 | OK | |
r-release-linux-x86_64 | 1.2.1 | 73.66 | 182.34 | 256.00 | OK | |
r-release-macos-arm64 | 1.2.1 | 139.00 | OK | |||
r-release-macos-x86_64 | 1.2.1 | 199.00 | OK | |||
r-release-windows-x86_64 | 1.2.1 | 89.00 | 209.00 | 298.00 | OK | |
r-oldrel-macos-arm64 | 1.2.1 | 109.00 | OK | |||
r-oldrel-macos-x86_64 | 1.2.1 | 120.00 | OK | |||
r-oldrel-windows-x86_64 | 1.2.1 | 79.00 | 211.00 | 290.00 | OK |
Version: 1.2.1
Check: whether package can be installed
Result: WARN
Found the following significant warnings:
nextclosure.cpp:499:37: warning: incomplete format specifier [-Wformat]
See ‘/home/hornik/tmp/R.check/r-devel-clang/Work/PKGS/fcaR.Rcheck/00install.out’ for details.
* used C++ compiler: ‘Debian clang version 17.0.5 (1)’
Flavor: r-devel-linux-x86_64-debian-clang
Version: 1.2.1
Check: Rd files
Result: NOTE
checkRd: (-1) fcaR_options.Rd:19: Lost braces in \itemize; meant \describe ?
checkRd: (-1) fcaR_options.Rd:20: Lost braces in \itemize; meant \describe ?
checkRd: (-1) fcaR_options.Rd:21: Lost braces in \itemize; meant \describe ?
Flavors: r-devel-linux-x86_64-debian-clang, r-devel-linux-x86_64-debian-gcc
Version: 1.2.1
Check: whether package can be installed
Result: WARN
Found the following significant warnings:
nextclosure.cpp:499:37: warning: spurious trailing ‘%’ in format [-Wformat=]
See ‘/home/hornik/tmp/R.check/r-devel-gcc/Work/PKGS/fcaR.Rcheck/00install.out’ for details.
* used C++ compiler: ‘g++-13 (Debian 13.2.0-5) 13.2.0’
Flavor: r-devel-linux-x86_64-debian-gcc
Version: 1.2.1
Check: whether package can be installed
Result: WARN
Found the following significant warnings:
nextclosure.cpp:499:37: warning: incomplete format specifier [-Wformat]
See ‘/data/gannet/ripley/R/packages/tests-clang/fcaR.Rcheck/00install.out’ for details.
* used C++ compiler: ‘clang version 17.0.5’
Flavor: r-devel-linux-x86_64-fedora-clang
Version: 1.2.1
Check: whether package can be installed
Result: WARN
Found the following significant warnings:
nextclosure.cpp:499:37: warning: spurious trailing '%' in format [-Wformat=]
See ‘/data/gannet/ripley/R/packages/tests-devel/fcaR.Rcheck/00install.out’ for details.
* used C++ compiler: ‘g++-13 (GCC) 13.2.0’
Flavor: r-devel-linux-x86_64-fedora-gcc
Version: 1.2.1
Check: whether package can be installed
Result: WARN
Found the following significant warnings:
nextclosure.cpp:499:37: warning: spurious trailing '%' in format [-Wformat=]
See 'd:/Rcompile/CRANpkg/local/4.4/fcaR.Rcheck/00install.out' for details.
* used C++ compiler: 'g++.exe (GCC) 12.3.0'
Flavor: r-devel-windows-x86_64