Last updated on 2023-10-04 00:58:22 CEST.
Flavor | Version | Tinstall | Tcheck | Ttotal | Status | Flags |
---|---|---|---|---|---|---|
r-devel-linux-x86_64-debian-clang | 0.1.21 | 4.92 | 43.63 | 48.55 | NOTE | |
r-devel-linux-x86_64-debian-gcc | 0.1.21 | 3.61 | 33.30 | 36.91 | NOTE | |
r-devel-linux-x86_64-fedora-clang | 0.1.21 | 59.78 | NOTE | |||
r-devel-linux-x86_64-fedora-gcc | 0.1.21 | 95.77 | NOTE | |||
r-devel-windows-x86_64 | 0.1.21 | 4.00 | 57.00 | 61.00 | NOTE | |
r-patched-linux-x86_64 | 0.1.21 | 4.07 | 41.59 | 45.66 | NOTE | |
r-release-linux-x86_64 | 0.1.21 | 3.16 | 40.99 | 44.15 | NOTE | |
r-release-macos-arm64 | 0.1.21 | 40.00 | NOTE | |||
r-release-macos-x86_64 | 0.1.21 | 65.00 | NOTE | |||
r-release-windows-x86_64 | 0.1.21 | 5.00 | 59.00 | 64.00 | NOTE | |
r-oldrel-macos-arm64 | 0.1.21 | 29.00 | NOTE | |||
r-oldrel-macos-x86_64 | 0.1.21 | 44.00 | NOTE | |||
r-oldrel-windows-x86_64 | 0.1.21 | 6.00 | 63.00 | 69.00 | NOTE |
Version: 0.1.21
Check: LazyData
Result: NOTE
'LazyData' is specified without a 'data' directory
Flavors: r-devel-linux-x86_64-debian-clang, r-devel-linux-x86_64-debian-gcc, r-devel-linux-x86_64-fedora-clang, r-devel-linux-x86_64-fedora-gcc, r-devel-windows-x86_64, r-patched-linux-x86_64, r-release-linux-x86_64, r-release-macos-arm64, r-release-macos-x86_64, r-release-windows-x86_64, r-oldrel-macos-arm64, r-oldrel-macos-x86_64, r-oldrel-windows-x86_64
Version: 0.1.21
Check: for non-standard things in the check directory
Result: NOTE
Found the following files/directories:
‘.Rprofile’
Flavors: r-devel-linux-x86_64-debian-clang, r-devel-linux-x86_64-debian-gcc, r-devel-linux-x86_64-fedora-clang, r-devel-linux-x86_64-fedora-gcc, r-patched-linux-x86_64, r-release-linux-x86_64