CRAN Package Check Results for Package fcuk

Last updated on 2024-07-20 00:56:46 CEST.

Flavor Version Tinstall Tcheck Ttotal Status Flags
r-devel-linux-x86_64-debian-clang 0.1.21 3.50 44.22 47.72 NOTE
r-devel-linux-x86_64-debian-gcc 0.1.21 3.30 34.49 37.79 NOTE
r-devel-linux-x86_64-fedora-clang 0.1.21 65.05 NOTE
r-devel-linux-x86_64-fedora-gcc 0.1.21 100.68 NOTE
r-devel-windows-x86_64 0.1.21 6.00 56.00 62.00 NOTE
r-patched-linux-x86_64 0.1.21 4.57 43.34 47.91 NOTE
r-release-linux-x86_64 0.1.21 4.02 44.32 48.34 NOTE
r-release-macos-arm64 0.1.21 42.00 NOTE
r-release-macos-x86_64 0.1.21 66.00 NOTE
r-release-windows-x86_64 0.1.21 5.00 57.00 62.00 NOTE
r-oldrel-macos-arm64 0.1.21 40.00 NOTE
r-oldrel-macos-x86_64 0.1.21 65.00 NOTE
r-oldrel-windows-x86_64 0.1.21 6.00 61.00 67.00 NOTE

Check Details

Version: 0.1.21
Check: LazyData
Result: NOTE 'LazyData' is specified without a 'data' directory Flavors: r-devel-linux-x86_64-debian-clang, r-devel-linux-x86_64-debian-gcc, r-devel-linux-x86_64-fedora-clang, r-devel-linux-x86_64-fedora-gcc, r-devel-windows-x86_64, r-patched-linux-x86_64, r-release-linux-x86_64, r-release-macos-arm64, r-release-macos-x86_64, r-release-windows-x86_64, r-oldrel-macos-arm64, r-oldrel-macos-x86_64, r-oldrel-windows-x86_64

Version: 0.1.21
Check: for non-standard things in the check directory
Result: NOTE Found the following files/directories: ‘.Rprofile’ Flavors: r-devel-linux-x86_64-debian-clang, r-devel-linux-x86_64-debian-gcc, r-devel-linux-x86_64-fedora-clang, r-devel-linux-x86_64-fedora-gcc, r-patched-linux-x86_64, r-release-linux-x86_64