Last updated on 2025-01-21 00:48:27 CET.
Flavor | Version | Tinstall | Tcheck | Ttotal | Status | Flags |
---|---|---|---|---|---|---|
r-devel-linux-x86_64-debian-clang | 1.1.1 | 230.43 | 81.19 | 311.62 | OK | |
r-devel-linux-x86_64-debian-gcc | 1.1.1 | 143.60 | 57.49 | 201.09 | OK | |
r-devel-linux-x86_64-fedora-clang | 1.1.1 | 460.35 | OK | |||
r-devel-linux-x86_64-fedora-gcc | 1.1.1 | 537.50 | OK | |||
r-devel-windows-x86_64 | 1.1.1 | 165.00 | 114.00 | 279.00 | OK | |
r-patched-linux-x86_64 | 1.1.1 | 204.73 | 75.46 | 280.19 | OK | |
r-release-linux-x86_64 | 1.1.1 | 204.64 | 76.52 | 281.16 | OK | |
r-release-macos-arm64 | 1.1.1 | 119.00 | NOTE | |||
r-release-macos-x86_64 | 1.1.1 | 148.00 | NOTE | |||
r-release-windows-x86_64 | 1.1.1 | 165.00 | 114.00 | 279.00 | OK | |
r-oldrel-macos-arm64 | 1.1.1 | 130.00 | NOTE | |||
r-oldrel-macos-x86_64 | 1.1.1 | 272.00 | NOTE | |||
r-oldrel-windows-x86_64 | 1.1.1 | 191.00 | 144.00 | 335.00 | OK |
Version: 1.1.1
Check: installed package size
Result: NOTE
installed size is 25.5Mb
sub-directories of 1Mb or more:
libs 25.1Mb
Flavors: r-release-macos-arm64, r-release-macos-x86_64, r-oldrel-macos-arm64, r-oldrel-macos-x86_64