CRAN Package Check Results for Package fds

Last updated on 2018-07-17 00:52:43 CEST.

Flavor Version Tinstall Tcheck Ttotal Status Flags
r-devel-linux-x86_64-debian-clang 1.7 14.70 67.88 82.58 NOTE
r-devel-linux-x86_64-debian-gcc 1.7 13.58 60.67 74.25 NOTE
r-devel-linux-x86_64-fedora-clang 1.7 110.87 NOTE
r-devel-linux-x86_64-fedora-gcc 1.7 105.99 NOTE
r-devel-windows-ix86+x86_64 1.7 29.00 92.00 121.00 NOTE
r-patched-linux-x86_64 1.7 12.02 63.31 75.33 NOTE
r-patched-solaris-x86 1.7 154.90 NOTE
r-release-linux-x86_64 1.7 15.52 63.50 79.02 NOTE
r-release-windows-ix86+x86_64 1.7 28.00 113.00 141.00 NOTE
r-release-osx-x86_64 1.7 NOTE
r-oldrel-windows-ix86+x86_64 1.7 20.00 119.00 139.00 NOTE
r-oldrel-osx-x86_64 1.7 NOTE

Check Details

Version: 1.7
Check: DESCRIPTION meta-information
Result: NOTE
    Malformed Description field: should contain one or more complete sentences.
Flavors: r-devel-linux-x86_64-debian-clang, r-devel-linux-x86_64-debian-gcc, r-devel-linux-x86_64-fedora-clang, r-devel-linux-x86_64-fedora-gcc, r-devel-windows-ix86+x86_64, r-patched-linux-x86_64, r-patched-solaris-x86, r-release-linux-x86_64, r-release-windows-ix86+x86_64, r-release-osx-x86_64, r-oldrel-windows-ix86+x86_64, r-oldrel-osx-x86_64

Version: 1.7
Check: R code for possible problems
Result: NOTE
    read.hmd: no visible global function definition for ‘read.table’
    Undefined global functions or variables:
     read.table
    Consider adding
     importFrom("utils", "read.table")
    to your NAMESPACE file.
Flavors: r-devel-linux-x86_64-debian-clang, r-devel-linux-x86_64-debian-gcc, r-devel-linux-x86_64-fedora-clang, r-devel-linux-x86_64-fedora-gcc, r-devel-windows-ix86+x86_64, r-patched-linux-x86_64, r-patched-solaris-x86, r-release-linux-x86_64, r-release-windows-ix86+x86_64, r-release-osx-x86_64, r-oldrel-windows-ix86+x86_64, r-oldrel-osx-x86_64