CRAN Package Check Results for Package fds

Last updated on 2018-10-18 00:48:07 CEST.

Flavor Version Tinstall Tcheck Ttotal Status Flags
r-devel-linux-x86_64-debian-clang 1.7 14.02 75.69 89.71 NOTE
r-devel-linux-x86_64-debian-gcc 1.7 13.77 62.09 75.86 NOTE
r-devel-linux-x86_64-fedora-clang 1.7 108.38 NOTE
r-devel-linux-x86_64-fedora-gcc 1.7 106.35 NOTE
r-devel-windows-ix86+x86_64 1.7 32.00 108.00 140.00 NOTE
r-patched-linux-x86_64 1.7 15.51 62.48 77.99 NOTE
r-patched-solaris-x86 1.7 153.50 NOTE
r-release-linux-x86_64 1.7 13.79 62.18 75.97 NOTE
r-release-windows-ix86+x86_64 1.7 33.00 99.00 132.00 NOTE
r-release-osx-x86_64 1.7 NOTE
r-oldrel-windows-ix86+x86_64 1.7 30.00 85.00 115.00 NOTE
r-oldrel-osx-x86_64 1.7 NOTE

Check Details

Version: 1.7
Check: DESCRIPTION meta-information
Result: NOTE
    Malformed Description field: should contain one or more complete sentences.
Flavors: r-devel-linux-x86_64-debian-clang, r-devel-linux-x86_64-debian-gcc, r-devel-linux-x86_64-fedora-clang, r-devel-linux-x86_64-fedora-gcc, r-devel-windows-ix86+x86_64, r-patched-linux-x86_64, r-patched-solaris-x86, r-release-linux-x86_64, r-release-windows-ix86+x86_64, r-release-osx-x86_64, r-oldrel-windows-ix86+x86_64, r-oldrel-osx-x86_64

Version: 1.7
Check: R code for possible problems
Result: NOTE
    read.hmd: no visible global function definition for ‘read.table’
    Undefined global functions or variables:
     read.table
    Consider adding
     importFrom("utils", "read.table")
    to your NAMESPACE file.
Flavors: r-devel-linux-x86_64-debian-clang, r-devel-linux-x86_64-debian-gcc, r-devel-linux-x86_64-fedora-clang, r-devel-linux-x86_64-fedora-gcc, r-devel-windows-ix86+x86_64, r-patched-linux-x86_64, r-patched-solaris-x86, r-release-linux-x86_64, r-release-windows-ix86+x86_64, r-release-osx-x86_64, r-oldrel-windows-ix86+x86_64, r-oldrel-osx-x86_64