CRAN Package Check Results for Package fds

Last updated on 2018-04-21 00:48:15 CEST.

Flavor Version Tinstall Tcheck Ttotal Status Flags
r-devel-linux-x86_64-debian-clang 1.7 11.49 64.37 75.86 NOTE
r-devel-linux-x86_64-debian-gcc 1.7 9.68 51.22 60.90 NOTE
r-devel-linux-x86_64-fedora-clang 1.7 94.65 NOTE
r-devel-linux-x86_64-fedora-gcc 1.7 92.88 NOTE
r-devel-windows-ix86+x86_64 1.7 31.00 144.00 175.00 NOTE
r-devel-osx-x86_64 1.7 NOTE
r-patched-linux-x86_64 1.7 11.34 63.19 74.53 NOTE
r-patched-solaris-x86 1.7 158.70 NOTE
r-release-linux-x86_64 1.7 12.24 64.53 76.77 NOTE
r-release-windows-ix86+x86_64 1.7 31.00 70.00 101.00 NOTE
r-release-osx-x86_64 1.7 NOTE
r-oldrel-windows-ix86+x86_64 1.7 32.00 68.00 100.00 NOTE

Check Details

Version: 1.7
Check: DESCRIPTION meta-information
Result: NOTE
    Malformed Description field: should contain one or more complete sentences.
Flavors: r-devel-linux-x86_64-debian-clang, r-devel-linux-x86_64-debian-gcc, r-devel-linux-x86_64-fedora-clang, r-devel-linux-x86_64-fedora-gcc, r-devel-windows-ix86+x86_64, r-devel-osx-x86_64, r-patched-linux-x86_64, r-patched-solaris-x86, r-release-linux-x86_64, r-release-windows-ix86+x86_64, r-release-osx-x86_64, r-oldrel-windows-ix86+x86_64

Version: 1.7
Check: R code for possible problems
Result: NOTE
    read.hmd: no visible global function definition for ‘read.table’
    Undefined global functions or variables:
     read.table
    Consider adding
     importFrom("utils", "read.table")
    to your NAMESPACE file.
Flavors: r-devel-linux-x86_64-debian-clang, r-devel-linux-x86_64-debian-gcc, r-devel-linux-x86_64-fedora-clang, r-devel-linux-x86_64-fedora-gcc, r-devel-windows-ix86+x86_64, r-devel-osx-x86_64, r-patched-linux-x86_64, r-patched-solaris-x86, r-release-linux-x86_64, r-release-windows-ix86+x86_64, r-release-osx-x86_64, r-oldrel-windows-ix86+x86_64