CRAN Package Check Results for Package feather

Last updated on 2024-06-14 00:53:41 CEST.

Flavor Version Tinstall Tcheck Ttotal Status Flags
r-devel-linux-x86_64-debian-clang 0.3.5 59.83 46.36 106.19 NOTE
r-devel-linux-x86_64-debian-gcc 0.3.5 0.38 1.58 1.96 ERROR
r-devel-linux-x86_64-fedora-clang 0.3.5 156.22 NOTE
r-devel-linux-x86_64-fedora-gcc 0.3.5 140.99 NOTE
r-devel-windows-x86_64 0.3.5 45.00 71.00 116.00 NOTE
r-patched-linux-x86_64 0.3.5 49.81 42.85 92.66 NOTE
r-release-linux-x86_64 0.3.5 49.76 43.08 92.84 NOTE
r-release-macos-arm64 0.3.5 37.00 NOTE
r-release-macos-x86_64 0.3.5 45.00 NOTE
r-release-windows-x86_64 0.3.5 49.00 77.00 126.00 NOTE
r-oldrel-macos-arm64 0.3.5 43.00 NOTE
r-oldrel-macos-x86_64 0.3.5 65.00 NOTE
r-oldrel-windows-x86_64 0.3.5 55.00 83.00 138.00 NOTE

Additional issues

rchk

Check Details

Version: 0.3.5
Check: C++ specification
Result: NOTE Specified C++11: please drop specification unless essential Flavors: r-devel-linux-x86_64-debian-clang, r-devel-linux-x86_64-fedora-clang, r-devel-linux-x86_64-fedora-gcc, r-devel-windows-x86_64, r-patched-linux-x86_64, r-release-linux-x86_64, r-release-macos-arm64, r-release-macos-x86_64, r-release-windows-x86_64, r-oldrel-macos-arm64, r-oldrel-macos-x86_64, r-oldrel-windows-x86_64

Version: 0.3.5
Check: LazyData
Result: NOTE 'LazyData' is specified without a 'data' directory Flavors: r-devel-linux-x86_64-debian-clang, r-devel-linux-x86_64-fedora-clang, r-devel-linux-x86_64-fedora-gcc, r-devel-windows-x86_64, r-patched-linux-x86_64, r-release-linux-x86_64, r-release-macos-arm64, r-release-macos-x86_64, r-release-windows-x86_64, r-oldrel-macos-arm64, r-oldrel-macos-x86_64, r-oldrel-windows-x86_64

Version: 0.3.5
Check: package dependencies
Result: ERROR Packages required but not available: 'tibble', 'hms' Package suggested but not available for checking: ‘testthat’ See section ‘The DESCRIPTION file’ in the ‘Writing R Extensions’ manual. Flavor: r-devel-linux-x86_64-debian-gcc