CRAN Package Check Results for Package fect

Last updated on 2024-07-18 00:54:53 CEST.

Flavor Version Tinstall Tcheck Ttotal Status Flags
r-devel-linux-x86_64-debian-clang 1.0.0 181.94 181.13 363.07 NOTE
r-devel-linux-x86_64-debian-gcc 1.0.0 135.18 126.63 261.81 NOTE
r-devel-linux-x86_64-fedora-clang 1.0.0 531.08 NOTE
r-devel-linux-x86_64-fedora-gcc 1.0.0 510.12 NOTE
r-devel-windows-x86_64 1.0.0 148.00 147.00 295.00 NOTE
r-patched-linux-x86_64 1.0.0 124.83 167.78 292.61 NOTE
r-release-linux-x86_64 1.0.0 169.13 171.09 340.22 NOTE
r-release-macos-arm64 1.0.0 92.00 NOTE
r-release-macos-x86_64 1.0.0 126.00 NOTE
r-release-windows-x86_64 1.0.0 148.00 145.00 293.00 NOTE
r-oldrel-macos-arm64 1.0.0 102.00 NOTE
r-oldrel-macos-x86_64 1.0.0 178.00 NOTE
r-oldrel-windows-x86_64 1.0.0 184.00 177.00 361.00 NOTE

Check Details

Version: 1.0.0
Check: C++ specification
Result: NOTE Specified C++11: please drop specification unless essential Flavors: r-devel-linux-x86_64-debian-clang, r-devel-linux-x86_64-debian-gcc, r-devel-linux-x86_64-fedora-clang, r-devel-linux-x86_64-fedora-gcc, r-devel-windows-x86_64, r-patched-linux-x86_64, r-release-linux-x86_64, r-release-macos-arm64, r-release-macos-x86_64, r-release-windows-x86_64, r-oldrel-macos-arm64, r-oldrel-macos-x86_64, r-oldrel-windows-x86_64

Version: 1.0.0
Check: dependencies in R code
Result: NOTE Namespace in Imports field not imported from: ‘panelView’ All declared Imports should be used. Flavors: r-devel-linux-x86_64-fedora-clang, r-devel-linux-x86_64-fedora-gcc

Version: 1.0.0
Check: installed package size
Result: NOTE installed size is 8.6Mb sub-directories of 1Mb or more: libs 7.2Mb Flavors: r-release-macos-arm64, r-release-macos-x86_64, r-oldrel-macos-arm64, r-oldrel-macos-x86_64