Last updated on 2023-10-01 00:54:27 CEST.
Flavor | Version | Tinstall | Tcheck | Ttotal | Status | Flags |
---|---|---|---|---|---|---|
r-devel-linux-x86_64-debian-clang | 1.0.0 | 179.51 | 135.72 | 315.23 | NOTE | |
r-devel-linux-x86_64-debian-gcc | 1.0.0 | 136.85 | 100.55 | 237.40 | NOTE | |
r-devel-linux-x86_64-fedora-clang | 1.0.0 | 443.10 | NOTE | |||
r-devel-linux-x86_64-fedora-gcc | 1.0.0 | 443.58 | NOTE | |||
r-devel-windows-x86_64 | 1.0.0 | 133.00 | 121.00 | 254.00 | NOTE | |
r-patched-linux-x86_64 | 1.0.0 | 123.92 | 131.35 | 255.27 | NOTE | |
r-release-linux-x86_64 | 1.0.0 | 135.72 | 132.13 | 267.85 | NOTE | |
r-release-macos-arm64 | 1.0.0 | 102.00 | NOTE | |||
r-release-macos-x86_64 | 1.0.0 | 178.00 | NOTE | |||
r-release-windows-x86_64 | 1.0.0 | 177.00 | 152.00 | 329.00 | NOTE | |
r-oldrel-macos-arm64 | 1.0.0 | 109.00 | NOTE | |||
r-oldrel-macos-x86_64 | 1.0.0 | 129.00 | NOTE | |||
r-oldrel-windows-x86_64 | 1.0.0 | 176.00 | 152.00 | 328.00 | OK |
Version: 1.0.0
Check: C++ specification
Result: NOTE
Specified C++11: please drop specification unless essential
Flavors: r-devel-linux-x86_64-debian-clang, r-devel-linux-x86_64-debian-gcc, r-devel-linux-x86_64-fedora-clang, r-devel-linux-x86_64-fedora-gcc, r-devel-windows-x86_64, r-patched-linux-x86_64, r-release-linux-x86_64, r-release-macos-arm64, r-release-macos-x86_64, r-release-windows-x86_64
Version: 1.0.0
Check: dependencies in R code
Result: NOTE
Namespace in Imports field not imported from: ‘panelView’
All declared Imports should be used.
Flavors: r-devel-linux-x86_64-fedora-clang, r-devel-linux-x86_64-fedora-gcc, r-oldrel-macos-arm64, r-oldrel-macos-x86_64
Version: 1.0.0
Check: installed package size
Result: NOTE
installed size is 9.0Mb
sub-directories of 1Mb or more:
libs 7.7Mb
Flavors: r-release-macos-arm64, r-release-macos-x86_64, r-oldrel-macos-arm64, r-oldrel-macos-x86_64